{"id":1521,"date":"2020-08-11T12:42:21","date_gmt":"2020-08-11T12:42:21","guid":{"rendered":"http:\/\/gemeindebuechereikastl.de\/?page_id=1521"},"modified":"2022-05-18T07:18:08","modified_gmt":"2022-05-18T07:18:08","slug":"leser-buch-wunsch","status":"publish","type":"page","link":"https:\/\/gemeindebuechereikastl.de\/?page_id=1521","title":{"rendered":"Buchwunsch-Leser"},"content":{"rendered":"<div id=\"page\" class=\"hfeed\">\n<div id=\"main\">\n<div id=\"primary\">\n<div id=\"content\">\n<article id=\"post-3494\" class=\"post-3494 page type-page status-publish hentry\">\n<header class=\"entry-header\">\n<h1 class=\"entry-title\"><span style=\"color: #ff6600;\">Ihr Buchwunsch an Gemeindeb\u00fccherei Kastl<\/span><\/h1>\n<div id=\"page\" class=\"hfeed\">\n<div id=\"main\">\n<div id=\"primary\">\n<div id=\"content\">\n<article id=\"post-3494\" class=\"post-3494 page type-page status-publish hentry\">\n<header class=\"entry-header\">\n<h3 class=\"entry-title\" style=\"font-family: Lato, sans-serif; text-align: left;\"><img loading=\"lazy\" decoding=\"async\" class=\"wp-image-1528 alignleft\" style=\"color: #4a474b; font-size: 16px;\" src=\"https:\/\/gemeindebuechereikastl.de\/wp-content\/uploads\/2020\/08\/B\u00fcchereilogo-.jpg\" alt=\"\" width=\"308\" height=\"165\" srcset=\"https:\/\/gemeindebuechereikastl.de\/wp-content\/uploads\/2020\/08\/B\u00fcchereilogo-.jpg 877w, https:\/\/gemeindebuechereikastl.de\/wp-content\/uploads\/2020\/08\/B\u00fcchereilogo--300x161.jpg 300w, https:\/\/gemeindebuechereikastl.de\/wp-content\/uploads\/2020\/08\/B\u00fcchereilogo--768x412.jpg 768w, https:\/\/gemeindebuechereikastl.de\/wp-content\/uploads\/2020\/08\/B\u00fcchereilogo--750x400.jpg 750w\" sizes=\"auto, (max-width: 308px) 100vw, 308px\" \/><\/h3>\n<\/header>\n<\/article>\n<\/div>\n<\/div>\n<\/div>\n<\/div>\n<\/header>\n<\/article>\n<\/div>\n<\/div>\n<\/div>\n<\/div>\n<p><strong>Liebe Leser,<\/strong><\/p>\n<p>immer wieder erweitern wir unseren Bestand um aktuelle B\u00fccher und Medien. Dabei achten wir immer darauf, dass wir f\u00fcr jeden unserer Leser etwas passendes zur Verf\u00fcgung haben. Aber die Geschm\u00e4cker sind eben verschieden\u2026<img loading=\"lazy\" decoding=\"async\" class=\"wp-image-1580 alignright\" src=\"https:\/\/gemeindebuechereikastl.de\/wp-content\/uploads\/2020\/08\/Pinnwand-917x1024.jpg\" alt=\"\" width=\"363\" height=\"405\" srcset=\"https:\/\/gemeindebuechereikastl.de\/wp-content\/uploads\/2020\/08\/Pinnwand-917x1024.jpg 917w, https:\/\/gemeindebuechereikastl.de\/wp-content\/uploads\/2020\/08\/Pinnwand-269x300.jpg 269w, https:\/\/gemeindebuechereikastl.de\/wp-content\/uploads\/2020\/08\/Pinnwand-768x858.jpg 768w, https:\/\/gemeindebuechereikastl.de\/wp-content\/uploads\/2020\/08\/Pinnwand-1375x1536.jpg 1375w, https:\/\/gemeindebuechereikastl.de\/wp-content\/uploads\/2020\/08\/Pinnwand-1833x2048.jpg 1833w, https:\/\/gemeindebuechereikastl.de\/wp-content\/uploads\/2020\/08\/Pinnwand-750x838.jpg 750w\" sizes=\"auto, (max-width: 363px) 100vw, 363px\" \/><\/p>\n<p>&nbsp;<\/p>\n<p>Da wir trotz der Erfahrungen in der B\u00fcchereiarbeit, nicht immer wissen k\u00f6nnen, was Sie bei uns Vermissen, sind wir f\u00fcr jeden Buchwunsch dankbar.<\/p>\n<p>Diesen k\u00f6nnen Sie uns \u00fcber die\u00a0 Buch-Wunsch-Karte in der B\u00fccherei bei den \u00d6ffnungszeiten gerne mitteilen und an die &#8222;Buchwunsch-Pinnwand&#8220; h\u00e4ngen. Oder Sie drucken die Buch-Wunsch-Karte aus und geben Sie bei Ihrem n\u00e4chsten Besuch in der B\u00fccherei ab.<\/p>\n<p>Oder Sie schicken uns ihren Buchwunsch einfach per Mail, mit dem Stichwort &#8222;Buchwunsch&#8220; an: <span style=\"color: #ff0000;\">info@gemeindebuechereikastl.de<\/span><\/p>\n<p>Ob ein Buch oder Medium angeschafft wird, entscheidet das B\u00fcchereiteam. Es w\u00e4gt hierbei sorgf\u00e4ltig ab, ob der Leser- Buchwunsch evtl. auch f\u00fcr andere Leser interessant sein k\u00f6nnte.<\/p>\n<h4><a href=\"https:\/\/gemeindebuechereikastl.de\/wp-content\/uploads\/2020\/08\/WUNSCHBUCHKARTE.pdf\"><span style=\"color: #ff0000;\">Ausdruck: BUCH-WUNSCH-KARTE<\/span><\/a><\/h4>\n<h4><img loading=\"lazy\" decoding=\"async\" class=\"wp-image-1549 alignleft\" style=\"color: #4a474b; font-size: 16px; margin-top: 6px;\" src=\"https:\/\/gemeindebuechereikastl.de\/wp-content\/uploads\/2020\/08\/wunschbuch-leser.jpg\" alt=\"\" width=\"284\" height=\"176\" srcset=\"https:\/\/gemeindebuechereikastl.de\/wp-content\/uploads\/2020\/08\/wunschbuch-leser.jpg 686w, https:\/\/gemeindebuechereikastl.de\/wp-content\/uploads\/2020\/08\/wunschbuch-leser-300x186.jpg 300w\" sizes=\"auto, (max-width: 284px) 100vw, 284px\" \/><\/h4>\n<p>Auch informiert das Team die Leser ob das gew\u00fcnschte Buch angeschafft wird. Sollte dies der Fall sein, sichert sich der Leser das \u201eRecht der ersten Ausleihe\u201c. Hierf\u00fcr muss der Leser lediglich seine Lesernummer mit auf der Buchwunschkarte vermerken.<\/p>\n<h4><strong><span style=\"color: #ff0000;\">Wir freuen uns darauf!<\/span><\/strong>\u00a0\u00a0 <em><span style=\"color: #ff0000;\"><strong>IHR\u00a0 B\u00dcCHEREITEAM<\/strong><\/span><\/em><\/h4>\n","protected":false},"excerpt":{"rendered":"<p>Ihr Buchwunsch an Gemeindeb\u00fccherei Kastl Liebe Leser, immer wieder erweitern wir unseren Bestand um aktuelle B\u00fccher und Medien. Dabei achten wir immer darauf, dass wir f\u00fcr jeden unserer Leser etwas passendes zur Verf\u00fcgung haben. Aber die Geschm\u00e4cker sind eben verschieden\u2026 &nbsp; Da wir trotz der Erfahrungen in der B\u00fcchereiarbeit, nicht immer wissen k\u00f6nnen, was Sie &hellip; <\/p>\n<p><a class=\"more-link btn\" href=\"https:\/\/gemeindebuechereikastl.de\/?page_id=1521\">Weiterlesen<\/a><\/p>\n","protected":false},"author":1,"featured_media":0,"parent":0,"menu_order":0,"comment_status":"closed","ping_status":"closed","template":"","meta":{"footnotes":""},"class_list":["post-1521","page","type-page","status-publish","hentry","nodate","item-wrap"],"_links":{"self":[{"href":"https:\/\/gemeindebuechereikastl.de\/index.php?rest_route=\/wp\/v2\/pages\/1521","targetHints":{"allow":["GET"]}}],"collection":[{"href":"https:\/\/gemeindebuechereikastl.de\/index.php?rest_route=\/wp\/v2\/pages"}],"about":[{"href":"https:\/\/gemeindebuechereikastl.de\/index.php?rest_route=\/wp\/v2\/types\/page"}],"author":[{"embeddable":true,"href":"https:\/\/gemeindebuechereikastl.de\/index.php?rest_route=\/wp\/v2\/users\/1"}],"replies":[{"embeddable":true,"href":"https:\/\/gemeindebuechereikastl.de\/index.php?rest_route=%2Fwp%2Fv2%2Fcomments&post=1521"}],"version-history":[{"count":36,"href":"https:\/\/gemeindebuechereikastl.de\/index.php?rest_route=\/wp\/v2\/pages\/1521\/revisions"}],"predecessor-version":[{"id":2953,"href":"https:\/\/gemeindebuechereikastl.de\/index.php?rest_route=\/wp\/v2\/pages\/1521\/revisions\/2953"}],"wp:attachment":[{"href":"https:\/\/gemeindebuechereikastl.de\/index.php?rest_route=%2Fwp%2Fv2%2Fmedia&parent=1521"}],"curies":[{"name":"wp","href":"https:\/\/api.w.org\/{rel}","templated":true}]}}

<div id="page" class="hfeed">
<div id="main">
<div id="primary">
<div id="content">
<article id="post-3494" class="post-3494 page type-page status-publish hentry">
<header class="entry-header">
<h1 class="entry-title"><span style="color: #ff6600;">Ihr Buchwunsch an Gemeindebücherei Kastl</span></h1>
<div id="page" class="hfeed">
<div id="main">
<div id="primary">
<div id="content">
<article id="post-3494" class="post-3494 page type-page status-publish hentry">
<header class="entry-header">
<h3 class="entry-title" style="font-family: Lato, sans-serif; text-align: left;"><img loading="lazy" decoding="async" class="wp-image-1528 alignleft" style="color: #4a474b; font-size: 16px;" src="https://gemeindebuechereikastl.de/wp-content/uploads/2020/08/Büchereilogo-.jpg" alt="" width="308" height="165" srcset="https://gemeindebuechereikastl.de/wp-content/uploads/2020/08/Büchereilogo-.jpg 877w, https://gemeindebuechereikastl.de/wp-content/uploads/2020/08/Büchereilogo--300x161.jpg 300w, https://gemeindebuechereikastl.de/wp-content/uploads/2020/08/Büchereilogo--768x412.jpg 768w, https://gemeindebuechereikastl.de/wp-content/uploads/2020/08/Büchereilogo--750x400.jpg 750w" sizes="auto, (max-width: 308px) 100vw, 308px" /></h3>
</header>
</article>
</div>
</div>
</div>
</div>
</header>
</article>
</div>
</div>
</div>
</div>
<p><strong>Liebe Leser,</strong></p>
<p>immer wieder erweitern wir unseren Bestand um aktuelle Bücher und Medien. Dabei achten wir immer darauf, dass wir für jeden unserer Leser etwas passendes zur Verfügung haben. Aber die Geschmäcker sind eben verschieden…<img loading="lazy" decoding="async" class="wp-image-1580 alignright" src="https://gemeindebuechereikastl.de/wp-content/uploads/2020/08/Pinnwand-917x1024.jpg" alt="" width="363" height="405" srcset="https://gemeindebuechereikastl.de/wp-content/uploads/2020/08/Pinnwand-917x1024.jpg 917w, https://gemeindebuechereikastl.de/wp-content/uploads/2020/08/Pinnwand-269x300.jpg 269w, https://gemeindebuechereikastl.de/wp-content/uploads/2020/08/Pinnwand-768x858.jpg 768w, https://gemeindebuechereikastl.de/wp-content/uploads/2020/08/Pinnwand-1375x1536.jpg 1375w, https://gemeindebuechereikastl.de/wp-content/uploads/2020/08/Pinnwand-1833x2048.jpg 1833w, https://gemeindebuechereikastl.de/wp-content/uploads/2020/08/Pinnwand-750x838.jpg 750w" sizes="auto, (max-width: 363px) 100vw, 363px" /></p>
<p>&nbsp;</p>
<p>Da wir trotz der Erfahrungen in der Büchereiarbeit, nicht immer wissen können, was Sie bei uns Vermissen, sind wir für jeden Buchwunsch dankbar.</p>
<p>Diesen können Sie uns über die  Buch-Wunsch-Karte in der Bücherei bei den Öffnungszeiten gerne mitteilen und an die &#8222;Buchwunsch-Pinnwand&#8220; hängen. Oder Sie drucken die Buch-Wunsch-Karte aus und geben Sie bei Ihrem nächsten Besuch in der Bücherei ab.</p>
<p>Oder Sie schicken uns ihren Buchwunsch einfach per Mail, mit dem Stichwort &#8222;Buchwunsch&#8220; an: <span style="color: #ff0000;">info@gemeindebuechereikastl.de</span></p>
<p>Ob ein Buch oder Medium angeschafft wird, entscheidet das Büchereiteam. Es wägt hierbei sorgfältig ab, ob der Leser- Buchwunsch evtl. auch für andere Leser interessant sein könnte.</p>
<h4><a href="https://gemeindebuechereikastl.de/wp-content/uploads/2020/08/WUNSCHBUCHKARTE.pdf"><span style="color: #ff0000;">Ausdruck: BUCH-WUNSCH-KARTE</span></a></h4>
<h4><img loading="lazy" decoding="async" class="wp-image-1549 alignleft" style="color: #4a474b; font-size: 16px; margin-top: 6px;" src="https://gemeindebuechereikastl.de/wp-content/uploads/2020/08/wunschbuch-leser.jpg" alt="" width="284" height="176" srcset="https://gemeindebuechereikastl.de/wp-content/uploads/2020/08/wunschbuch-leser.jpg 686w, https://gemeindebuechereikastl.de/wp-content/uploads/2020/08/wunschbuch-leser-300x186.jpg 300w" sizes="auto, (max-width: 284px) 100vw, 284px" /></h4>
<p>Auch informiert das Team die Leser ob das gewünschte Buch angeschafft wird. Sollte dies der Fall sein, sichert sich der Leser das „Recht der ersten Ausleihe“. Hierfür muss der Leser lediglich seine Lesernummer mit auf der Buchwunschkarte vermerken.</p>
<h4><strong><span style="color: #ff0000;">Wir freuen uns darauf!</span></strong>   <em><span style="color: #ff0000;"><strong>IHR  BÜCHEREITEAM</strong></span></em></h4>

<p>Ihr Buchwunsch an Gemeindebücherei Kastl Liebe Leser, immer wieder erweitern wir unseren Bestand um aktuelle Bücher und Medien. Dabei achten wir immer darauf, dass wir für jeden unserer Leser etwas passendes zur Verfügung haben. Aber die Geschmäcker sind eben verschieden… &nbsp; Da wir trotz der Erfahrungen in der Büchereiarbeit, nicht immer wissen können, was Sie &hellip; </p>
<p><a class="more-link btn" href="https://gemeindebuechereikastl.de/?page_id=1521">Weiterlesen</a></p>
