{"id":24,"date":"2017-12-29T16:39:32","date_gmt":"2017-12-29T16:39:32","guid":{"rendered":"http:\/\/gemeindebuechereikastl.de\/?page_id=24"},"modified":"2024-08-24T14:55:13","modified_gmt":"2024-08-24T14:55:13","slug":"buecherei-team","status":"publish","type":"page","link":"https:\/\/gemeindebuechereikastl.de\/?page_id=24","title":{"rendered":"B\u00fccherei-Team"},"content":{"rendered":"<h2><span style=\"color: #ff6600;\">Unser B\u00fcchereiteam &#8211; <\/span><span style=\"color: #ff6600;\">Ehren\u00adamt wird in unse\u00adrer B\u00fccherei gro\u00df\u00adge\u00adschrie\u00adben<\/span><\/h2>\n<p>Unser Team besteht aus 26 Personen, welche alle ehrenamtlich t\u00e4tig sind. J\u00e4hrlich leisten wir ca. 3.500 Stunden. Nicht nur die Durchf\u00fchrung des B\u00fcchereibetriebes auch die Planung der vielen Angebote und Aktionen f\u00fcr alle Altersgruppen liegen v\u00f6llig in ehrenamtlichen H\u00e4nden. Wichtig ist uns auch der Besuch von regelm\u00e4\u00dfigen Fortbildungen damit wir mit unserer B\u00fccherei und dem Angebot immer aktuell sind.<\/p>\n<h4><em><strong>Unser Team steht Ihnen immer gerne mit Rat und Tat zur Seite und freut sich auch\u00a0auf viele Besu\u00adcher!<\/strong><\/em><\/h4>\n<p><span style=\"color: #ff0000;\"><strong>Dem aktuellen, ehrenamtlichen Team geh\u00f6ren an:\u00a0 <\/strong><\/span><strong>Auer Michaela, Diener Sabine, Donhauser Manuela, D\u00fcrr Maria, Forster Birgit, Geitner Anna, Graf Pia, Hiller Olga, Kastner Christa, Karla von Klenck, Marie von Klenk, Klatt Gertrud, Klatt Myriam, Klatt Nikolas, Klatt Zora, K\u00f6nig Gabi, Marx Steffanie, M\u00fcller Elisabeth, Popp Rita, Schneeberger Ingrid, Schwaiger Rita, Steuerl Gertraud, St\u00f6\u00dfel Stephanie, Weber Regina und Weigl Elisabeth. <\/strong><\/p>\n<p><span style=\"color: #ff0000;\"><strong>Ehrenamtliches Leitungsteam:\u00a0 <span style=\"color: #333333;\">Christa Kastner, Pia Graf und <\/span><\/strong><\/span><span style=\"color: #333333;\"><strong>Georg D\u00fcrr<\/strong><\/span><\/p>\n<p><strong><span style=\"color: #ff0000;\">B\u00fcchereileitung:\u00a0<span style=\"color: #000000;\">Georg D\u00fcrr<\/span><\/span> <\/strong><\/p>\n<p>&#8212;&#8212;&#8212;&#8212;&#8212;&#8212;&#8212;&#8212;&#8212;&#8212;&#8212;&#8212;&#8212;&#8212;&#8212;&#8212;&#8212;&#8212;&#8212;&#8212;&#8212;&#8212;&#8212;&#8212;&#8212;&#8212;&#8212;&#8212;&#8212;&#8212;&#8212;&#8212;&#8212;&#8212;&#8212;&#8212;&#8212;&#8212;&#8212;&#8212;&#8212;&#8212;&#8212;&#8211;<\/p>\n<h3 style=\"text-align: center;\">B\u00fcchereiteam 2024<\/h3>\n<p><img loading=\"lazy\" decoding=\"async\" class=\"aligncenter wp-image-4592 size-large\" src=\"https:\/\/gemeindebuechereikastl.de\/wp-content\/uploads\/2024\/02\/Buechereiteam-2024-1603x981.jpg\" alt=\"\" width=\"750\" height=\"459\" srcset=\"https:\/\/gemeindebuechereikastl.de\/wp-content\/uploads\/2024\/02\/Buechereiteam-2024-1603x981.jpg 1603w, https:\/\/gemeindebuechereikastl.de\/wp-content\/uploads\/2024\/02\/Buechereiteam-2024-300x184.jpg 300w, https:\/\/gemeindebuechereikastl.de\/wp-content\/uploads\/2024\/02\/Buechereiteam-2024-768x470.jpg 768w, https:\/\/gemeindebuechereikastl.de\/wp-content\/uploads\/2024\/02\/Buechereiteam-2024-1536x940.jpg 1536w, https:\/\/gemeindebuechereikastl.de\/wp-content\/uploads\/2024\/02\/Buechereiteam-2024-2048x1254.jpg 2048w, https:\/\/gemeindebuechereikastl.de\/wp-content\/uploads\/2024\/02\/Buechereiteam-2024-750x459.jpg 750w\" sizes=\"auto, (max-width: 750px) 100vw, 750px\" \/><\/p>\n<h3 style=\"text-align: center;\">B\u00fcchereiteam 2022<img loading=\"lazy\" decoding=\"async\" class=\"alignleft wp-image-3269 size-large\" src=\"https:\/\/gemeindebuechereikastl.de\/wp-content\/uploads\/2022\/09\/Jahrestreffen-Buechereiteam-1603x1060.jpg\" alt=\"\" width=\"750\" height=\"496\" srcset=\"https:\/\/gemeindebuechereikastl.de\/wp-content\/uploads\/2022\/09\/Jahrestreffen-Buechereiteam-1603x1060.jpg 1603w, https:\/\/gemeindebuechereikastl.de\/wp-content\/uploads\/2022\/09\/Jahrestreffen-Buechereiteam-300x198.jpg 300w, https:\/\/gemeindebuechereikastl.de\/wp-content\/uploads\/2022\/09\/Jahrestreffen-Buechereiteam-768x508.jpg 768w, https:\/\/gemeindebuechereikastl.de\/wp-content\/uploads\/2022\/09\/Jahrestreffen-Buechereiteam-1536x1016.jpg 1536w, https:\/\/gemeindebuechereikastl.de\/wp-content\/uploads\/2022\/09\/Jahrestreffen-Buechereiteam-2048x1354.jpg 2048w, https:\/\/gemeindebuechereikastl.de\/wp-content\/uploads\/2022\/09\/Jahrestreffen-Buechereiteam-750x496.jpg 750w\" sizes=\"auto, (max-width: 750px) 100vw, 750px\" \/><\/h3>\n<h3><\/h3>\n<h3><\/h3>\n<h3 style=\"text-align: center;\">\u00a0B\u00fcchereiteam 2019<\/h3>\n<p style=\"text-align: left;\"><img loading=\"lazy\" decoding=\"async\" class=\" wp-image-894 aligncenter\" src=\"https:\/\/gemeindebuechereikastl.de\/wp-content\/uploads\/2019\/04\/B\u00fcchereiteam-1024x678.jpg\" alt=\"\" width=\"566\" height=\"375\" srcset=\"https:\/\/gemeindebuechereikastl.de\/wp-content\/uploads\/2019\/04\/B\u00fcchereiteam-1024x678.jpg 1024w, https:\/\/gemeindebuechereikastl.de\/wp-content\/uploads\/2019\/04\/B\u00fcchereiteam-300x199.jpg 300w, https:\/\/gemeindebuechereikastl.de\/wp-content\/uploads\/2019\/04\/B\u00fcchereiteam-768x508.jpg 768w\" sizes=\"auto, (max-width: 566px) 100vw, 566px\" \/><u><\/u><\/p>\n<p>&#8212;&#8212;&#8212;&#8212;&#8212;&#8212;&#8212;&#8212;&#8212;&#8212;&#8212;&#8212;&#8212;&#8212;&#8212;&#8212;&#8212;&#8212;&#8212;&#8212;&#8212;&#8212;&#8212;&#8212;&#8212;&#8212;&#8212;&#8212;&#8212;&#8212;&#8212;&#8212;&#8212;&#8212;&#8212;&#8212;&#8212;&#8212;&#8212;&#8212;&#8212;&#8212;&#8212;&#8212;<\/p>\n<h3 style=\"text-align: center;\">B\u00fcchereiteam 2018<img loading=\"lazy\" decoding=\"async\" class=\"aligncenter wp-image-377\" src=\"https:\/\/gemeindebuechereikastl.de\/wp-content\/uploads\/2018\/02\/Team-2018.jpg\" alt=\"\" width=\"584\" height=\"399\" srcset=\"https:\/\/gemeindebuechereikastl.de\/wp-content\/uploads\/2018\/02\/Team-2018.jpg 2881w, https:\/\/gemeindebuechereikastl.de\/wp-content\/uploads\/2018\/02\/Team-2018-300x205.jpg 300w, https:\/\/gemeindebuechereikastl.de\/wp-content\/uploads\/2018\/02\/Team-2018-768x525.jpg 768w, https:\/\/gemeindebuechereikastl.de\/wp-content\/uploads\/2018\/02\/Team-2018-1024x701.jpg 1024w\" sizes=\"auto, (max-width: 584px) 100vw, 584px\" \/><\/h3>\n<h3>&#8212;&#8212;&#8212;&#8212;&#8212;&#8212;&#8212;&#8212;&#8212;&#8212;&#8212;&#8212;&#8212;&#8212;&#8212;&#8212;&#8212;&#8212;&#8212;&#8212;&#8212;&#8212;&#8212;&#8212;&#8212;&#8212;&#8212;&#8212;&#8212;<\/h3>\n<h3 style=\"text-align: center;\"><span style=\"color: #333333;\"><strong>B\u00fcchereiteam 2013<\/strong><\/span><img loading=\"lazy\" decoding=\"async\" class=\"size-full wp-image-73 aligncenter\" src=\"https:\/\/gemeindebuechereikastl.de\/wp-content\/uploads\/2018\/01\/Team-2013.jpg\" alt=\"\" width=\"600\" height=\"401\" srcset=\"https:\/\/gemeindebuechereikastl.de\/wp-content\/uploads\/2018\/01\/Team-2013.jpg 600w, https:\/\/gemeindebuechereikastl.de\/wp-content\/uploads\/2018\/01\/Team-2013-300x201.jpg 300w\" sizes=\"auto, (max-width: 600px) 100vw, 600px\" \/><\/h3>\n<p style=\"text-align: center;\"><span style=\"color: #333333;\"><strong>\u00a0<\/strong><\/span><\/p>\n<p>&nbsp;<\/p>\n<p><a href=\"https:\/\/gemeindebuechereikastl.de\/?page_id=246\" target=\"_blank\" rel=\"noopener noreferrer\"><strong>Interner Bereich<\/strong><\/a><\/p>\n","protected":false},"excerpt":{"rendered":"<p>Unser B\u00fcchereiteam &#8211; Ehren\u00adamt wird in unse\u00adrer B\u00fccherei gro\u00df\u00adge\u00adschrie\u00adben Unser Team besteht aus 26 Personen, welche alle ehrenamtlich t\u00e4tig sind. J\u00e4hrlich leisten wir ca. 3.500 Stunden. Nicht nur die Durchf\u00fchrung des B\u00fcchereibetriebes auch die Planung der vielen Angebote und Aktionen f\u00fcr alle Altersgruppen liegen v\u00f6llig in ehrenamtlichen H\u00e4nden. Wichtig ist uns auch der Besuch von &hellip; <\/p>\n<p><a class=\"more-link btn\" href=\"https:\/\/gemeindebuechereikastl.de\/?page_id=24\">Weiterlesen<\/a><\/p>\n","protected":false},"author":3,"featured_media":0,"parent":0,"menu_order":0,"comment_status":"closed","ping_status":"closed","template":"","meta":{"footnotes":""},"class_list":["post-24","page","type-page","status-publish","hentry","nodate","item-wrap"],"_links":{"self":[{"href":"https:\/\/gemeindebuechereikastl.de\/index.php?rest_route=\/wp\/v2\/pages\/24","targetHints":{"allow":["GET"]}}],"collection":[{"href":"https:\/\/gemeindebuechereikastl.de\/index.php?rest_route=\/wp\/v2\/pages"}],"about":[{"href":"https:\/\/gemeindebuechereikastl.de\/index.php?rest_route=\/wp\/v2\/types\/page"}],"author":[{"embeddable":true,"href":"https:\/\/gemeindebuechereikastl.de\/index.php?rest_route=\/wp\/v2\/users\/3"}],"replies":[{"embeddable":true,"href":"https:\/\/gemeindebuechereikastl.de\/index.php?rest_route=%2Fwp%2Fv2%2Fcomments&post=24"}],"version-history":[{"count":25,"href":"https:\/\/gemeindebuechereikastl.de\/index.php?rest_route=\/wp\/v2\/pages\/24\/revisions"}],"predecessor-version":[{"id":74,"href":"https:\/\/gemeindebuechereikastl.de\/index.php?rest_route=\/wp\/v2\/pages\/24\/revisions\/74"}],"wp:attachment":[{"href":"https:\/\/gemeindebuechereikastl.de\/index.php?rest_route=%2Fwp%2Fv2%2Fmedia&parent=24"}],"curies":[{"name":"wp","href":"https:\/\/api.w.org\/{rel}","templated":true}]}}

Bücherei-Team

<h2><span style="color: #ff6600;">Unser Büchereiteam &#8211; </span><span style="color: #ff6600;">Ehren­amt wird in unse­rer Bücherei groß­ge­schrie­ben</span></h2>
<p>Unser Team besteht aus 26 Personen, welche alle ehrenamtlich tätig sind. Jährlich leisten wir ca. 3.500 Stunden. Nicht nur die Durchführung des Büchereibetriebes auch die Planung der vielen Angebote und Aktionen für alle Altersgruppen liegen völlig in ehrenamtlichen Händen. Wichtig ist uns auch der Besuch von regelmäßigen Fortbildungen damit wir mit unserer Bücherei und dem Angebot immer aktuell sind.</p>
<h4><em><strong>Unser Team steht Ihnen immer gerne mit Rat und Tat zur Seite und freut sich auch auf viele Besu­cher!</strong></em></h4>
<p><span style="color: #ff0000;"><strong>Dem aktuellen, ehrenamtlichen Team gehören an:  </strong></span><strong>Auer Michaela, Diener Sabine, Donhauser Manuela, Dürr Maria, Forster Birgit, Geitner Anna, Graf Pia, Hiller Olga, Kastner Christa, Karla von Klenck, Marie von Klenk, Klatt Gertrud, Klatt Myriam, Klatt Nikolas, Klatt Zora, König Gabi, Marx Steffanie, Müller Elisabeth, Popp Rita, Schneeberger Ingrid, Schwaiger Rita, Steuerl Gertraud, Stößel Stephanie, Weber Regina und Weigl Elisabeth. </strong></p>
<p><span style="color: #ff0000;"><strong>Ehrenamtliches Leitungsteam:  <span style="color: #333333;">Christa Kastner, Pia Graf und </span></strong></span><span style="color: #333333;"><strong>Georg Dürr</strong></span></p>
<p><strong><span style="color: #ff0000;">Büchereileitung: <span style="color: #000000;">Georg Dürr</span></span> </strong></p>
<p>&#8212;&#8212;&#8212;&#8212;&#8212;&#8212;&#8212;&#8212;&#8212;&#8212;&#8212;&#8212;&#8212;&#8212;&#8212;&#8212;&#8212;&#8212;&#8212;&#8212;&#8212;&#8212;&#8212;&#8212;&#8212;&#8212;&#8212;&#8212;&#8212;&#8212;&#8212;&#8212;&#8212;&#8212;&#8212;&#8212;&#8212;&#8212;&#8212;&#8212;&#8212;&#8212;&#8212;&#8211;</p>
<h3 style="text-align: center;">Büchereiteam 2024</h3>
<p><img loading="lazy" decoding="async" class="aligncenter wp-image-4592 size-large" src="https://gemeindebuechereikastl.de/wp-content/uploads/2024/02/Buechereiteam-2024-1603x981.jpg" alt="" width="750" height="459" srcset="https://gemeindebuechereikastl.de/wp-content/uploads/2024/02/Buechereiteam-2024-1603x981.jpg 1603w, https://gemeindebuechereikastl.de/wp-content/uploads/2024/02/Buechereiteam-2024-300x184.jpg 300w, https://gemeindebuechereikastl.de/wp-content/uploads/2024/02/Buechereiteam-2024-768x470.jpg 768w, https://gemeindebuechereikastl.de/wp-content/uploads/2024/02/Buechereiteam-2024-1536x940.jpg 1536w, https://gemeindebuechereikastl.de/wp-content/uploads/2024/02/Buechereiteam-2024-2048x1254.jpg 2048w, https://gemeindebuechereikastl.de/wp-content/uploads/2024/02/Buechereiteam-2024-750x459.jpg 750w" sizes="auto, (max-width: 750px) 100vw, 750px" /></p>
<h3 style="text-align: center;">Büchereiteam 2022<img loading="lazy" decoding="async" class="alignleft wp-image-3269 size-large" src="https://gemeindebuechereikastl.de/wp-content/uploads/2022/09/Jahrestreffen-Buechereiteam-1603x1060.jpg" alt="" width="750" height="496" srcset="https://gemeindebuechereikastl.de/wp-content/uploads/2022/09/Jahrestreffen-Buechereiteam-1603x1060.jpg 1603w, https://gemeindebuechereikastl.de/wp-content/uploads/2022/09/Jahrestreffen-Buechereiteam-300x198.jpg 300w, https://gemeindebuechereikastl.de/wp-content/uploads/2022/09/Jahrestreffen-Buechereiteam-768x508.jpg 768w, https://gemeindebuechereikastl.de/wp-content/uploads/2022/09/Jahrestreffen-Buechereiteam-1536x1016.jpg 1536w, https://gemeindebuechereikastl.de/wp-content/uploads/2022/09/Jahrestreffen-Buechereiteam-2048x1354.jpg 2048w, https://gemeindebuechereikastl.de/wp-content/uploads/2022/09/Jahrestreffen-Buechereiteam-750x496.jpg 750w" sizes="auto, (max-width: 750px) 100vw, 750px" /></h3>
<h3></h3>
<h3></h3>
<h3 style="text-align: center;"> Büchereiteam 2019</h3>
<p style="text-align: left;"><img loading="lazy" decoding="async" class=" wp-image-894 aligncenter" src="https://gemeindebuechereikastl.de/wp-content/uploads/2019/04/Büchereiteam-1024x678.jpg" alt="" width="566" height="375" srcset="https://gemeindebuechereikastl.de/wp-content/uploads/2019/04/Büchereiteam-1024x678.jpg 1024w, https://gemeindebuechereikastl.de/wp-content/uploads/2019/04/Büchereiteam-300x199.jpg 300w, https://gemeindebuechereikastl.de/wp-content/uploads/2019/04/Büchereiteam-768x508.jpg 768w" sizes="auto, (max-width: 566px) 100vw, 566px" /><u></u></p>
<p>&#8212;&#8212;&#8212;&#8212;&#8212;&#8212;&#8212;&#8212;&#8212;&#8212;&#8212;&#8212;&#8212;&#8212;&#8212;&#8212;&#8212;&#8212;&#8212;&#8212;&#8212;&#8212;&#8212;&#8212;&#8212;&#8212;&#8212;&#8212;&#8212;&#8212;&#8212;&#8212;&#8212;&#8212;&#8212;&#8212;&#8212;&#8212;&#8212;&#8212;&#8212;&#8212;&#8212;&#8212;</p>
<h3 style="text-align: center;">Büchereiteam 2018<img loading="lazy" decoding="async" class="aligncenter wp-image-377" src="https://gemeindebuechereikastl.de/wp-content/uploads/2018/02/Team-2018.jpg" alt="" width="584" height="399" srcset="https://gemeindebuechereikastl.de/wp-content/uploads/2018/02/Team-2018.jpg 2881w, https://gemeindebuechereikastl.de/wp-content/uploads/2018/02/Team-2018-300x205.jpg 300w, https://gemeindebuechereikastl.de/wp-content/uploads/2018/02/Team-2018-768x525.jpg 768w, https://gemeindebuechereikastl.de/wp-content/uploads/2018/02/Team-2018-1024x701.jpg 1024w" sizes="auto, (max-width: 584px) 100vw, 584px" /></h3>
<h3>&#8212;&#8212;&#8212;&#8212;&#8212;&#8212;&#8212;&#8212;&#8212;&#8212;&#8212;&#8212;&#8212;&#8212;&#8212;&#8212;&#8212;&#8212;&#8212;&#8212;&#8212;&#8212;&#8212;&#8212;&#8212;&#8212;&#8212;&#8212;&#8212;</h3>
<h3 style="text-align: center;"><span style="color: #333333;"><strong>Büchereiteam 2013</strong></span><img loading="lazy" decoding="async" class="size-full wp-image-73 aligncenter" src="https://gemeindebuechereikastl.de/wp-content/uploads/2018/01/Team-2013.jpg" alt="" width="600" height="401" srcset="https://gemeindebuechereikastl.de/wp-content/uploads/2018/01/Team-2013.jpg 600w, https://gemeindebuechereikastl.de/wp-content/uploads/2018/01/Team-2013-300x201.jpg 300w" sizes="auto, (max-width: 600px) 100vw, 600px" /></h3>
<p style="text-align: center;"><span style="color: #333333;"><strong> </strong></span></p>
<p>&nbsp;</p>
<p><a href="https://gemeindebuechereikastl.de/?page_id=246" target="_blank" rel="noopener noreferrer"><strong>Interner Bereich</strong></a></p>

<p>Unser Büchereiteam &#8211; Ehren­amt wird in unse­rer Bücherei groß­ge­schrie­ben Unser Team besteht aus 26 Personen, welche alle ehrenamtlich tätig sind. Jährlich leisten wir ca. 3.500 Stunden. Nicht nur die Durchführung des Büchereibetriebes auch die Planung der vielen Angebote und Aktionen für alle Altersgruppen liegen völlig in ehrenamtlichen Händen. Wichtig ist uns auch der Besuch von &hellip; </p>
<p><a class="more-link btn" href="https://gemeindebuechereikastl.de/?page_id=24">Weiterlesen</a></p>
