{"id":3128,"date":"2022-07-25T12:19:59","date_gmt":"2022-07-25T12:19:59","guid":{"rendered":"https:\/\/gemeindebuechereikastl.de\/?page_id=3128"},"modified":"2024-05-31T11:50:23","modified_gmt":"2024-05-31T11:50:23","slug":"podcasts","status":"publish","type":"page","link":"https:\/\/gemeindebuechereikastl.de\/?page_id=3128","title":{"rendered":"Podcasts"},"content":{"rendered":"<h1 style=\"text-align: center;\"><img loading=\"lazy\" decoding=\"async\" class=\" wp-image-3131 alignleft\" src=\"https:\/\/gemeindebuechereikastl.de\/wp-content\/uploads\/2022\/07\/podcastlogo-300x289.jpg\" alt=\"\" width=\"221\" height=\"213\" srcset=\"https:\/\/gemeindebuechereikastl.de\/wp-content\/uploads\/2022\/07\/podcastlogo-300x289.jpg 300w, https:\/\/gemeindebuechereikastl.de\/wp-content\/uploads\/2022\/07\/podcastlogo-768x739.jpg 768w, https:\/\/gemeindebuechereikastl.de\/wp-content\/uploads\/2022\/07\/podcastlogo-750x722.jpg 750w, https:\/\/gemeindebuechereikastl.de\/wp-content\/uploads\/2022\/07\/podcastlogo.jpg 1069w\" sizes=\"auto, (max-width: 221px) 100vw, 221px\" \/><span style=\"color: #ff6600;\">B\u00fcchereiteam informiert<\/span><br \/>\n<span style=\"color: #ff6600;\">\u00fcber interessante Podcasts \u00fcber B\u00fccher und mehr&#8230;.<\/span><\/h1>\n<h4><strong>Ein Podcast \u2013 was ist das?<\/strong><\/h4>\n<p>Als Podcast versteht sich in erster Linie eine Sammlung von einzelnen Medienbeitr\u00e4gen. Podcasts \u2013 k\u00f6nnen im Audio- oder Videoformat vorliegen:<\/p>\n<p><strong>Das Medium \u201ePodcast\u201c wird immer beliebter, jeder dritte Deutsche h\u00f6rt inzwischen zumindest hin und wieder Podcasts<br \/>\n<\/strong><\/p>\n<p>Deshalb m\u00f6chten wir vom B\u00fcchereiteam sie \u00fcber hervorragende Podcasts informieren. Hier auf unserer Homepage unter der Rubrik &#8222;Podcasts&#8220; finden sie die Links zu diesen von denen wir meinen f\u00fcr Sie interessant zu sein.<\/p>\n<h3><span style=\"color: #ff0000;\">Die einzelnen Themen folgend!<\/span><\/h3>\n<p>&#8212;&#8212;&#8212;&#8212;&#8212;&#8212;&#8212;&#8212;&#8212;&#8212;&#8212;&#8212;&#8212;&#8212;&#8212;&#8212;&#8212;&#8212;&#8212;&#8212;&#8212;&#8212;&#8212;&#8212;&#8212;&#8212;&#8212;&#8212;&#8212;&#8212;&#8212;&#8212;&#8212;&#8212;&#8212;-<\/p>\n<h3><a href=\"https:\/\/www.michaelsbund.de\/themenwelt\/podcasts\/ein-buch-der-podcast\/\"><img loading=\"lazy\" decoding=\"async\" class=\"wp-image-3133 alignleft\" src=\"https:\/\/gemeindebuechereikastl.de\/wp-content\/uploads\/2022\/07\/Ein-Buch-300x300.jpg\" alt=\"\" width=\"216\" height=\"216\" srcset=\"https:\/\/gemeindebuechereikastl.de\/wp-content\/uploads\/2022\/07\/Ein-Buch-300x300.jpg 300w, https:\/\/gemeindebuechereikastl.de\/wp-content\/uploads\/2022\/07\/Ein-Buch-150x150.jpg 150w, https:\/\/gemeindebuechereikastl.de\/wp-content\/uploads\/2022\/07\/Ein-Buch.jpg 590w\" sizes=\"auto, (max-width: 216px) 100vw, 216px\" \/><\/a><a href=\"https:\/\/www.michaelsbund.de\/themenwelt\/podcasts\/ein-buch-der-podcast\/\"><strong>Ein Buch &#8211; Der Podcast (Romane &amp; Krimis)<\/strong><\/a><\/h3>\n<p>Jede Woche eine neue Buchempfehlung von den Buchberaterin Susanne Steufmehl und der Redakteurin Gabie Hafnervom St. Michaelesbund. Die beiden verraten uns ihre Lieblinge der aktuellen Roman- &amp; Krimi-Neuerscheinungen &#8211; unser w\u00f6chentliches literarisches Highlight!<\/p>\n<p>Was lohnt sich zu lesen &#8211; Geheimtipp oder Bestseller? Auf den Punkt, durchdacht und unterhaltsam. Ein Podcast f\u00fcr Lesehungrige und alle, die nach Buchtipps gefragt werden. Viel Freude beim Anh\u00f6ren!<\/p>\n<p>&nbsp;<\/p>\n<h3><a href=\"https:\/\/www.michaelsbund.de\/themenwelt\/podcasts\/podcast-michel\/\"><strong><img loading=\"lazy\" decoding=\"async\" class=\"wp-image-3143 alignleft\" src=\"https:\/\/gemeindebuechereikastl.de\/wp-content\/uploads\/2022\/07\/Michl-300x300.jpg\" alt=\"\" width=\"213\" height=\"213\" srcset=\"https:\/\/gemeindebuechereikastl.de\/wp-content\/uploads\/2022\/07\/Michl-300x300.jpg 300w, https:\/\/gemeindebuechereikastl.de\/wp-content\/uploads\/2022\/07\/Michl-150x150.jpg 150w, https:\/\/gemeindebuechereikastl.de\/wp-content\/uploads\/2022\/07\/Michl.jpg 400w\" sizes=\"auto, (max-width: 213px) 100vw, 213px\" \/>Michel \u2013 Der Podcast f\u00fcr Kinder und Jugendliteratur<\/strong><\/a><\/h3>\n<p>Jeden Monat pr\u00e4sentiert Dr. Claudia Maria Pecher, Leiterin der Landesfachstelle f\u00fcr B\u00fcchereien und Bildung im Michaelsbund sowie Pr\u00e4sidentin der Deutschen Akademie f\u00fcr Kinder- und Jugendliteratur Ihnen den \u201eMichel\u201c \u2013 den j\u00fcngsten Superhelden des Sankt Michaelsbundes. Sie spricht mit Autoren, Illustratoren, Kinder- und Jugendbuchmachern und Freunden des Kinder- und Jugendbuches \u00fcber Themen, Trends und viele lesenswerte B\u00fccher.<\/p>\n<p>&nbsp;<\/p>\n<h3><a href=\"https:\/\/www.muenchner-kirchenradio.de\/sendungen\/monika-drasch\/\"><img loading=\"lazy\" decoding=\"async\" class=\"size-medium wp-image-3192 alignleft\" src=\"https:\/\/gemeindebuechereikastl.de\/wp-content\/uploads\/2022\/08\/drasch-300x199.jpg\" alt=\"\" width=\"300\" height=\"199\" srcset=\"https:\/\/gemeindebuechereikastl.de\/wp-content\/uploads\/2022\/08\/drasch-300x199.jpg 300w, https:\/\/gemeindebuechereikastl.de\/wp-content\/uploads\/2022\/08\/drasch.jpg 330w\" sizes=\"auto, (max-width: 300px) 100vw, 300px\" \/> <\/a><\/h3>\n<h3><a href=\"https:\/\/www.muenchner-kirchenradio.de\/sendungen\/monika-drasch-1\/\">Monika Drasch &#8211; Lieder zwischen Himmel und Erde<\/a><\/h3>\n<p>Alpenrock-Fans kennen sie als die Frau mit der Gr\u00fcnen Geige. Aber Monika Drasch kann auch anders: Jeden Monat stellt sie ein Lied vor, das sich um das Kirchenjahr dreht &#8211; mal augenzwinkernd, mal frech aber immer zum Seufzen sch\u00f6n.<\/p>\n<p>&nbsp;<\/p>\n<h3><a href=\"https:\/\/www.muenchner-kirchenradio.de\/sendungen\/schiesslers-woche\/\"><strong><img loading=\"lazy\" decoding=\"async\" class=\"size-medium wp-image-3193 alignleft\" src=\"https:\/\/gemeindebuechereikastl.de\/wp-content\/uploads\/2022\/08\/schiessler-300x199.jpg\" alt=\"\" width=\"300\" height=\"199\" srcset=\"https:\/\/gemeindebuechereikastl.de\/wp-content\/uploads\/2022\/08\/schiessler-300x199.jpg 300w, https:\/\/gemeindebuechereikastl.de\/wp-content\/uploads\/2022\/08\/schiessler.jpg 330w\" sizes=\"auto, (max-width: 300px) 100vw, 300px\" \/><\/strong><\/a><a href=\"https:\/\/www.muenchner-kirchenradio.de\/sendungen\/schiesslers-woche-1\/\"><strong>Schie\u00dflers Woche<\/strong><\/a><\/h3>\n<p>Pfarrer Rainer Maria Schie\u00dfler aus M\u00fcnchen wartet nicht darauf, dass die Menschen zu ihm kommen. Er geht dorthin, wo die Menschen eh schon sind. Zum Beispiel auf das Oktoberfest, wo er jahrelang gekellnert hat. Und deshalb versteht er auch Vieles, was andere Pfarrer gar nicht erst mitbekommen. Er nennt die Dinge beim Namen, auch wenn ihm das schon so manches Mal \u00c4rger eingebracht hat. Aber er will immer nur das eine: seiner Kirche &#8211; und damit den Menschen &#8211; dienen. Auch in seinem Podcast nimmt er kein Blatt vor den Mund. Er spricht \u00fcber alles: Grunds\u00e4tzliches, Spirituelles, aber auch kirchenpolitische Fragen.<\/p>\n<h3><strong><img loading=\"lazy\" decoding=\"async\" class=\" wp-image-3265 alignleft\" src=\"https:\/\/gemeindebuechereikastl.de\/wp-content\/uploads\/2022\/08\/kitaradio-300x180.jpg\" alt=\"\" width=\"315\" height=\"189\" srcset=\"https:\/\/gemeindebuechereikastl.de\/wp-content\/uploads\/2022\/08\/kitaradio-300x180.jpg 300w, https:\/\/gemeindebuechereikastl.de\/wp-content\/uploads\/2022\/08\/kitaradio-768x460.jpg 768w, https:\/\/gemeindebuechereikastl.de\/wp-content\/uploads\/2022\/08\/kitaradio-750x449.jpg 750w, https:\/\/gemeindebuechereikastl.de\/wp-content\/uploads\/2022\/08\/kitaradio.jpg 1000w\" sizes=\"auto, (max-width: 315px) 100vw, 315px\" \/><a href=\"https:\/\/www.muenchner-kirchenradio.de\/sendungen\/kitaradio-1\/\">Jede Woche neu! &#8211; Kitaradio<\/a><br \/>\n<\/strong><\/h3>\n<p>Wir pr\u00e4sentieren w\u00f6chentlich neue Buchtipps des &#8222;Kitaradios&#8220; (M\u00fcnchner Kirchenradio) &#8211; zu aktuellen Themen rund um Kita, Erziehung, Bildung und vieles mehr. F\u00fcr Eltern, Gro\u00dfeltern, Erzieher und alle, die mit Kindern in Krippe, Kindergarten und Hort zu tun haben.<\/p>\n<p>Die Kitaradio-Sendung gibt es \u00fcbrigens auch als Podast auf Spotify, Apple Podcasts, Deezer &amp; Podimo.<\/p>\n<h4><strong>Auf der Seite des <a href=\"https:\/\/www.muenchner-kirchenradio.de\/sendungen\/kitaradio-1\/\">Kitaradio<\/a> finden Sie auch Buchtipps zu jeder aktuellen Sendung!<\/strong><\/h4>\n<h3><img loading=\"lazy\" decoding=\"async\" class=\"alignleft wp-image-4819 \" src=\"https:\/\/gemeindebuechereikastl.de\/wp-content\/uploads\/2024\/05\/vergeltsgott.jpg\" alt=\"\" width=\"311\" height=\"311\" srcset=\"https:\/\/gemeindebuechereikastl.de\/wp-content\/uploads\/2024\/05\/vergeltsgott.jpg 330w, https:\/\/gemeindebuechereikastl.de\/wp-content\/uploads\/2024\/05\/vergeltsgott-300x300.jpg 300w, https:\/\/gemeindebuechereikastl.de\/wp-content\/uploads\/2024\/05\/vergeltsgott-150x150.jpg 150w\" sizes=\"auto, (max-width: 311px) 100vw, 311px\" \/><a href=\"https:\/\/www.muenchner-kirchenradio.de\/sendungen\/vergelts-gott\/\">Vergelt\u00b4s Gott \u2013 mit Kabarettist Wolfgang Krebs und Pfarrer Josef Fegg<\/a><\/h3>\n<p>Man kennt Wolfgang Krebs als Stoiber, S\u00f6der oder Aiwanger. Sein Freund Josef Fegg ist katholischer Priester im bayerischen Rottenbuch. Beide haben festgestellt: Kabarett und Kirche haben viel gemeinsam! Kennengelernt haben sich die beiden auf dem Oktoberfest. Bei \u201eVergelts Gott\u201c sprechen der Kabarettist und der Pfarrer alle zwei Wochen mit einer gro\u00dfen Portion Humor \u00fcber Ihr Leben auf B\u00fchne und am Altar, ihre beruflichen Irrwege und ihren ganz pers\u00f6nlichen Blick auf die Welt. Ein fr\u00f6hlich katholischer Podcast mit einer erfrischenden Mischung aus Besinnlichkeit und Spa\u00df!<\/p>\n<p>&#8212;&#8212;&#8212;&#8212;&#8212;&#8212;&#8212;&#8212;&#8212;&#8212;&#8212;&#8212;&#8212;&#8212;&#8212;&#8212;&#8212;&#8212;&#8212;&#8212;&#8212;&#8212;&#8212;-<a href=\"https:\/\/www.muenchner-kirchenradio.de\/\"><img loading=\"lazy\" decoding=\"async\" class=\"wp-image-3687 alignleft\" src=\"https:\/\/gemeindebuechereikastl.de\/wp-content\/uploads\/2023\/01\/MKR-300x300.jpg\" alt=\"\" width=\"229\" height=\"229\" srcset=\"https:\/\/gemeindebuechereikastl.de\/wp-content\/uploads\/2023\/01\/MKR.jpg 300w, https:\/\/gemeindebuechereikastl.de\/wp-content\/uploads\/2023\/01\/MKR-150x150.jpg 150w\" sizes=\"auto, (max-width: 229px) 100vw, 229px\" \/><\/a><\/p>\n<h3 style=\"text-align: center;\">Weitere Intersante Podcasts gibt es<br \/>\nauf der Seite des<br \/>\nMKR &#8211; Das Radio im Sankt Michaelsbund<\/h3>\n<h2 style=\"text-align: center;\"><a href=\"https:\/\/www.muenchner-kirchenradio.de\/sendungen\/\">m\u00fcnchener-kirchenradio<\/a><\/h2>\n<p>&nbsp;<\/p>\n","protected":false},"excerpt":{"rendered":"<p>B\u00fcchereiteam informiert \u00fcber interessante Podcasts \u00fcber B\u00fccher und mehr&#8230;. Ein Podcast \u2013 was ist das? Als Podcast versteht sich in erster Linie eine Sammlung von einzelnen Medienbeitr\u00e4gen. Podcasts \u2013 k\u00f6nnen im Audio- oder Videoformat vorliegen: Das Medium \u201ePodcast\u201c wird immer beliebter, jeder dritte Deutsche h\u00f6rt inzwischen zumindest hin und wieder Podcasts Deshalb m\u00f6chten wir vom &hellip; <\/p>\n<p><a class=\"more-link btn\" href=\"https:\/\/gemeindebuechereikastl.de\/?page_id=3128\">Weiterlesen<\/a><\/p>\n","protected":false},"author":1,"featured_media":0,"parent":0,"menu_order":0,"comment_status":"closed","ping_status":"closed","template":"","meta":{"footnotes":""},"class_list":["post-3128","page","type-page","status-publish","hentry","nodate","item-wrap"],"_links":{"self":[{"href":"https:\/\/gemeindebuechereikastl.de\/index.php?rest_route=\/wp\/v2\/pages\/3128","targetHints":{"allow":["GET"]}}],"collection":[{"href":"https:\/\/gemeindebuechereikastl.de\/index.php?rest_route=\/wp\/v2\/pages"}],"about":[{"href":"https:\/\/gemeindebuechereikastl.de\/index.php?rest_route=\/wp\/v2\/types\/page"}],"author":[{"embeddable":true,"href":"https:\/\/gemeindebuechereikastl.de\/index.php?rest_route=\/wp\/v2\/users\/1"}],"replies":[{"embeddable":true,"href":"https:\/\/gemeindebuechereikastl.de\/index.php?rest_route=%2Fwp%2Fv2%2Fcomments&post=3128"}],"version-history":[{"count":26,"href":"https:\/\/gemeindebuechereikastl.de\/index.php?rest_route=\/wp\/v2\/pages\/3128\/revisions"}],"predecessor-version":[{"id":4820,"href":"https:\/\/gemeindebuechereikastl.de\/index.php?rest_route=\/wp\/v2\/pages\/3128\/revisions\/4820"}],"wp:attachment":[{"href":"https:\/\/gemeindebuechereikastl.de\/index.php?rest_route=%2Fwp%2Fv2%2Fmedia&parent=3128"}],"curies":[{"name":"wp","href":"https:\/\/api.w.org\/{rel}","templated":true}]}}

<h1 style="text-align: center;"><img loading="lazy" decoding="async" class=" wp-image-3131 alignleft" src="https://gemeindebuechereikastl.de/wp-content/uploads/2022/07/podcastlogo-300x289.jpg" alt="" width="221" height="213" srcset="https://gemeindebuechereikastl.de/wp-content/uploads/2022/07/podcastlogo-300x289.jpg 300w, https://gemeindebuechereikastl.de/wp-content/uploads/2022/07/podcastlogo-768x739.jpg 768w, https://gemeindebuechereikastl.de/wp-content/uploads/2022/07/podcastlogo-750x722.jpg 750w, https://gemeindebuechereikastl.de/wp-content/uploads/2022/07/podcastlogo.jpg 1069w" sizes="auto, (max-width: 221px) 100vw, 221px" /><span style="color: #ff6600;">Büchereiteam informiert</span><br />
<span style="color: #ff6600;">über interessante Podcasts über Bücher und mehr&#8230;.</span></h1>
<h4><strong>Ein Podcast – was ist das?</strong></h4>
<p>Als Podcast versteht sich in erster Linie eine Sammlung von einzelnen Medienbeiträgen. Podcasts – können im Audio- oder Videoformat vorliegen:</p>
<p><strong>Das Medium „Podcast“ wird immer beliebter, jeder dritte Deutsche hört inzwischen zumindest hin und wieder Podcasts<br />
</strong></p>
<p>Deshalb möchten wir vom Büchereiteam sie über hervorragende Podcasts informieren. Hier auf unserer Homepage unter der Rubrik &#8222;Podcasts&#8220; finden sie die Links zu diesen von denen wir meinen für Sie interessant zu sein.</p>
<h3><span style="color: #ff0000;">Die einzelnen Themen folgend!</span></h3>
<p>&#8212;&#8212;&#8212;&#8212;&#8212;&#8212;&#8212;&#8212;&#8212;&#8212;&#8212;&#8212;&#8212;&#8212;&#8212;&#8212;&#8212;&#8212;&#8212;&#8212;&#8212;&#8212;&#8212;&#8212;&#8212;&#8212;&#8212;&#8212;&#8212;&#8212;&#8212;&#8212;&#8212;&#8212;&#8212;-</p>
<h3><a href="https://www.michaelsbund.de/themenwelt/podcasts/ein-buch-der-podcast/"><img loading="lazy" decoding="async" class="wp-image-3133 alignleft" src="https://gemeindebuechereikastl.de/wp-content/uploads/2022/07/Ein-Buch-300x300.jpg" alt="" width="216" height="216" srcset="https://gemeindebuechereikastl.de/wp-content/uploads/2022/07/Ein-Buch-300x300.jpg 300w, https://gemeindebuechereikastl.de/wp-content/uploads/2022/07/Ein-Buch-150x150.jpg 150w, https://gemeindebuechereikastl.de/wp-content/uploads/2022/07/Ein-Buch.jpg 590w" sizes="auto, (max-width: 216px) 100vw, 216px" /></a><a href="https://www.michaelsbund.de/themenwelt/podcasts/ein-buch-der-podcast/"><strong>Ein Buch &#8211; Der Podcast (Romane &amp; Krimis)</strong></a></h3>
<p>Jede Woche eine neue Buchempfehlung von den Buchberaterin Susanne Steufmehl und der Redakteurin Gabie Hafnervom St. Michaelesbund. Die beiden verraten uns ihre Lieblinge der aktuellen Roman- &amp; Krimi-Neuerscheinungen &#8211; unser wöchentliches literarisches Highlight!</p>
<p>Was lohnt sich zu lesen &#8211; Geheimtipp oder Bestseller? Auf den Punkt, durchdacht und unterhaltsam. Ein Podcast für Lesehungrige und alle, die nach Buchtipps gefragt werden. Viel Freude beim Anhören!</p>
<p>&nbsp;</p>
<h3><a href="https://www.michaelsbund.de/themenwelt/podcasts/podcast-michel/"><strong><img loading="lazy" decoding="async" class="wp-image-3143 alignleft" src="https://gemeindebuechereikastl.de/wp-content/uploads/2022/07/Michl-300x300.jpg" alt="" width="213" height="213" srcset="https://gemeindebuechereikastl.de/wp-content/uploads/2022/07/Michl-300x300.jpg 300w, https://gemeindebuechereikastl.de/wp-content/uploads/2022/07/Michl-150x150.jpg 150w, https://gemeindebuechereikastl.de/wp-content/uploads/2022/07/Michl.jpg 400w" sizes="auto, (max-width: 213px) 100vw, 213px" />Michel – Der Podcast für Kinder und Jugendliteratur</strong></a></h3>
<p>Jeden Monat präsentiert Dr. Claudia Maria Pecher, Leiterin der Landesfachstelle für Büchereien und Bildung im Michaelsbund sowie Präsidentin der Deutschen Akademie für Kinder- und Jugendliteratur Ihnen den „Michel“ – den jüngsten Superhelden des Sankt Michaelsbundes. Sie spricht mit Autoren, Illustratoren, Kinder- und Jugendbuchmachern und Freunden des Kinder- und Jugendbuches über Themen, Trends und viele lesenswerte Bücher.</p>
<p>&nbsp;</p>
<h3><a href="https://www.muenchner-kirchenradio.de/sendungen/monika-drasch/"><img loading="lazy" decoding="async" class="size-medium wp-image-3192 alignleft" src="https://gemeindebuechereikastl.de/wp-content/uploads/2022/08/drasch-300x199.jpg" alt="" width="300" height="199" srcset="https://gemeindebuechereikastl.de/wp-content/uploads/2022/08/drasch-300x199.jpg 300w, https://gemeindebuechereikastl.de/wp-content/uploads/2022/08/drasch.jpg 330w" sizes="auto, (max-width: 300px) 100vw, 300px" /> </a></h3>
<h3><a href="https://www.muenchner-kirchenradio.de/sendungen/monika-drasch-1/">Monika Drasch &#8211; Lieder zwischen Himmel und Erde</a></h3>
<p>Alpenrock-Fans kennen sie als die Frau mit der Grünen Geige. Aber Monika Drasch kann auch anders: Jeden Monat stellt sie ein Lied vor, das sich um das Kirchenjahr dreht &#8211; mal augenzwinkernd, mal frech aber immer zum Seufzen schön.</p>
<p>&nbsp;</p>
<h3><a href="https://www.muenchner-kirchenradio.de/sendungen/schiesslers-woche/"><strong><img loading="lazy" decoding="async" class="size-medium wp-image-3193 alignleft" src="https://gemeindebuechereikastl.de/wp-content/uploads/2022/08/schiessler-300x199.jpg" alt="" width="300" height="199" srcset="https://gemeindebuechereikastl.de/wp-content/uploads/2022/08/schiessler-300x199.jpg 300w, https://gemeindebuechereikastl.de/wp-content/uploads/2022/08/schiessler.jpg 330w" sizes="auto, (max-width: 300px) 100vw, 300px" /></strong></a><a href="https://www.muenchner-kirchenradio.de/sendungen/schiesslers-woche-1/"><strong>Schießlers Woche</strong></a></h3>
<p>Pfarrer Rainer Maria Schießler aus München wartet nicht darauf, dass die Menschen zu ihm kommen. Er geht dorthin, wo die Menschen eh schon sind. Zum Beispiel auf das Oktoberfest, wo er jahrelang gekellnert hat. Und deshalb versteht er auch Vieles, was andere Pfarrer gar nicht erst mitbekommen. Er nennt die Dinge beim Namen, auch wenn ihm das schon so manches Mal Ärger eingebracht hat. Aber er will immer nur das eine: seiner Kirche &#8211; und damit den Menschen &#8211; dienen. Auch in seinem Podcast nimmt er kein Blatt vor den Mund. Er spricht über alles: Grundsätzliches, Spirituelles, aber auch kirchenpolitische Fragen.</p>
<h3><strong><img loading="lazy" decoding="async" class=" wp-image-3265 alignleft" src="https://gemeindebuechereikastl.de/wp-content/uploads/2022/08/kitaradio-300x180.jpg" alt="" width="315" height="189" srcset="https://gemeindebuechereikastl.de/wp-content/uploads/2022/08/kitaradio-300x180.jpg 300w, https://gemeindebuechereikastl.de/wp-content/uploads/2022/08/kitaradio-768x460.jpg 768w, https://gemeindebuechereikastl.de/wp-content/uploads/2022/08/kitaradio-750x449.jpg 750w, https://gemeindebuechereikastl.de/wp-content/uploads/2022/08/kitaradio.jpg 1000w" sizes="auto, (max-width: 315px) 100vw, 315px" /><a href="https://www.muenchner-kirchenradio.de/sendungen/kitaradio-1/">Jede Woche neu! &#8211; Kitaradio</a><br />
</strong></h3>
<p>Wir präsentieren wöchentlich neue Buchtipps des &#8222;Kitaradios&#8220; (Münchner Kirchenradio) &#8211; zu aktuellen Themen rund um Kita, Erziehung, Bildung und vieles mehr. Für Eltern, Großeltern, Erzieher und alle, die mit Kindern in Krippe, Kindergarten und Hort zu tun haben.</p>
<p>Die Kitaradio-Sendung gibt es übrigens auch als Podast auf Spotify, Apple Podcasts, Deezer &amp; Podimo.</p>
<h4><strong>Auf der Seite des <a href="https://www.muenchner-kirchenradio.de/sendungen/kitaradio-1/">Kitaradio</a> finden Sie auch Buchtipps zu jeder aktuellen Sendung!</strong></h4>
<h3><img loading="lazy" decoding="async" class="alignleft wp-image-4819 " src="https://gemeindebuechereikastl.de/wp-content/uploads/2024/05/vergeltsgott.jpg" alt="" width="311" height="311" srcset="https://gemeindebuechereikastl.de/wp-content/uploads/2024/05/vergeltsgott.jpg 330w, https://gemeindebuechereikastl.de/wp-content/uploads/2024/05/vergeltsgott-300x300.jpg 300w, https://gemeindebuechereikastl.de/wp-content/uploads/2024/05/vergeltsgott-150x150.jpg 150w" sizes="auto, (max-width: 311px) 100vw, 311px" /><a href="https://www.muenchner-kirchenradio.de/sendungen/vergelts-gott/">Vergelt´s Gott – mit Kabarettist Wolfgang Krebs und Pfarrer Josef Fegg</a></h3>
<p>Man kennt Wolfgang Krebs als Stoiber, Söder oder Aiwanger. Sein Freund Josef Fegg ist katholischer Priester im bayerischen Rottenbuch. Beide haben festgestellt: Kabarett und Kirche haben viel gemeinsam! Kennengelernt haben sich die beiden auf dem Oktoberfest. Bei „Vergelts Gott“ sprechen der Kabarettist und der Pfarrer alle zwei Wochen mit einer großen Portion Humor über Ihr Leben auf Bühne und am Altar, ihre beruflichen Irrwege und ihren ganz persönlichen Blick auf die Welt. Ein fröhlich katholischer Podcast mit einer erfrischenden Mischung aus Besinnlichkeit und Spaß!</p>
<p>&#8212;&#8212;&#8212;&#8212;&#8212;&#8212;&#8212;&#8212;&#8212;&#8212;&#8212;&#8212;&#8212;&#8212;&#8212;&#8212;&#8212;&#8212;&#8212;&#8212;&#8212;&#8212;&#8212;-<a href="https://www.muenchner-kirchenradio.de/"><img loading="lazy" decoding="async" class="wp-image-3687 alignleft" src="https://gemeindebuechereikastl.de/wp-content/uploads/2023/01/MKR-300x300.jpg" alt="" width="229" height="229" srcset="https://gemeindebuechereikastl.de/wp-content/uploads/2023/01/MKR.jpg 300w, https://gemeindebuechereikastl.de/wp-content/uploads/2023/01/MKR-150x150.jpg 150w" sizes="auto, (max-width: 229px) 100vw, 229px" /></a></p>
<h3 style="text-align: center;">Weitere Intersante Podcasts gibt es<br />
auf der Seite des<br />
MKR &#8211; Das Radio im Sankt Michaelsbund</h3>
<h2 style="text-align: center;"><a href="https://www.muenchner-kirchenradio.de/sendungen/">münchener-kirchenradio</a></h2>
<p>&nbsp;</p>

<p>Büchereiteam informiert über interessante Podcasts über Bücher und mehr&#8230;. Ein Podcast – was ist das? Als Podcast versteht sich in erster Linie eine Sammlung von einzelnen Medienbeiträgen. Podcasts – können im Audio- oder Videoformat vorliegen: Das Medium „Podcast“ wird immer beliebter, jeder dritte Deutsche hört inzwischen zumindest hin und wieder Podcasts Deshalb möchten wir vom &hellip; </p>
<p><a class="more-link btn" href="https://gemeindebuechereikastl.de/?page_id=3128">Weiterlesen</a></p>
