{"id":39,"date":"2017-12-30T10:59:37","date_gmt":"2017-12-30T10:59:37","guid":{"rendered":"http:\/\/gemeindebuechereikastl.de\/?page_id=39"},"modified":"2026-01-07T14:50:38","modified_gmt":"2026-01-07T14:50:38","slug":"gebuehren","status":"publish","type":"page","link":"https:\/\/gemeindebuechereikastl.de\/?page_id=39","title":{"rendered":"\u00d6ffnungszeiten"},"content":{"rendered":"<h1 style=\"text-align: center;\"><span style=\"color: #ff6600;\"><strong>Die Gemeindeb\u00fccherei Kastl hat an folgenden Tagen in der Woche f\u00fcr Sie ge\u00f6ffnet!\u00a0\u00a0\u00a0<\/strong><\/span><\/h1>\n<h2 style=\"text-align: center;\"><span style=\"color: #ff6600;\"><strong><img loading=\"lazy\" decoding=\"async\" class=\"alignnone wp-image-265 size-large\" src=\"https:\/\/gemeindebuechereikastl.de\/wp-content\/uploads\/2018\/01\/herzlich-willkommen-1024x665.jpg\" alt=\"\" width=\"750\" height=\"487\" srcset=\"https:\/\/gemeindebuechereikastl.de\/wp-content\/uploads\/2018\/01\/herzlich-willkommen-1024x665.jpg 1024w, https:\/\/gemeindebuechereikastl.de\/wp-content\/uploads\/2018\/01\/herzlich-willkommen-300x195.jpg 300w, https:\/\/gemeindebuechereikastl.de\/wp-content\/uploads\/2018\/01\/herzlich-willkommen-768x499.jpg 768w\" sizes=\"auto, (max-width: 750px) 100vw, 750px\" \/><\/strong><\/span><\/h2>\n<h2 style=\"text-align: center;\"><span style=\"color: #ff6600;\"><strong><span style=\"color: #008000;\">SONNTAG von 10:00 &#8211; 11:30 Uhr<\/span><br \/>\n<span style=\"color: #008000;\">&#8212;&#8212;&#8212;&#8212;&#8212;&#8212;&#8212;&#8212;&#8211;<\/span><br \/>\n<span style=\"color: #008000;\">DIENSTAG von 17:00 &#8211; 18:30 Uhr<\/span><br \/>\n<span style=\"color: #008000;\">&#8212;&#8212;&#8212;&#8212;&#8212;&#8212;&#8212;&#8212;&#8211;<\/span><br \/>\n<span style=\"color: #008000;\">DONNERSTAG von 17:00 &#8211; 18:30 Uhr<\/span><br \/>\n<\/strong><span style=\"color: #008000;\">____________________________________________________________<\/span><\/span><\/h2>\n<h2 style=\"text-align: center;\"><strong><span style=\"color: #000080;\">Bitte beachten Sie: An den folgenden Tagen ist die Gemeindeb\u00fccherei Kastl 2026 nicht ge\u00f6ffnet:<\/span><\/strong><\/h2>\n<p><img loading=\"lazy\" decoding=\"async\" class=\"aligncenter wp-image-6118 size-full\" src=\"https:\/\/gemeindebuechereikastl.de\/wp-content\/uploads\/2025\/12\/Schliessungen-2026.jpg\" alt=\"\" width=\"990\" height=\"510\" srcset=\"https:\/\/gemeindebuechereikastl.de\/wp-content\/uploads\/2025\/12\/Schliessungen-2026.jpg 990w, https:\/\/gemeindebuechereikastl.de\/wp-content\/uploads\/2025\/12\/Schliessungen-2026-300x155.jpg 300w, https:\/\/gemeindebuechereikastl.de\/wp-content\/uploads\/2025\/12\/Schliessungen-2026-768x396.jpg 768w, https:\/\/gemeindebuechereikastl.de\/wp-content\/uploads\/2025\/12\/Schliessungen-2026-750x386.jpg 750w\" sizes=\"auto, (max-width: 990px) 100vw, 990px\" \/><\/p>\n<p>&nbsp;<\/p>\n","protected":false},"excerpt":{"rendered":"<p>Die Gemeindeb\u00fccherei Kastl hat an folgenden Tagen in der Woche f\u00fcr Sie ge\u00f6ffnet!\u00a0\u00a0\u00a0 SONNTAG von 10:00 &#8211; 11:30 Uhr &#8212;&#8212;&#8212;&#8212;&#8212;&#8212;&#8212;&#8212;&#8211; DIENSTAG von 17:00 &#8211; 18:30 Uhr &#8212;&#8212;&#8212;&#8212;&#8212;&#8212;&#8212;&#8212;&#8211; DONNERSTAG von 17:00 &#8211; 18:30 Uhr ____________________________________________________________ Bitte beachten Sie: An den folgenden Tagen ist die Gemeindeb\u00fccherei Kastl 2026 nicht ge\u00f6ffnet: &nbsp;<\/p>\n","protected":false},"author":3,"featured_media":0,"parent":0,"menu_order":0,"comment_status":"closed","ping_status":"closed","template":"","meta":{"footnotes":""},"class_list":["post-39","page","type-page","status-publish","hentry","nodate","item-wrap"],"_links":{"self":[{"href":"https:\/\/gemeindebuechereikastl.de\/index.php?rest_route=\/wp\/v2\/pages\/39","targetHints":{"allow":["GET"]}}],"collection":[{"href":"https:\/\/gemeindebuechereikastl.de\/index.php?rest_route=\/wp\/v2\/pages"}],"about":[{"href":"https:\/\/gemeindebuechereikastl.de\/index.php?rest_route=\/wp\/v2\/types\/page"}],"author":[{"embeddable":true,"href":"https:\/\/gemeindebuechereikastl.de\/index.php?rest_route=\/wp\/v2\/users\/3"}],"replies":[{"embeddable":true,"href":"https:\/\/gemeindebuechereikastl.de\/index.php?rest_route=%2Fwp%2Fv2%2Fcomments&post=39"}],"version-history":[{"count":38,"href":"https:\/\/gemeindebuechereikastl.de\/index.php?rest_route=\/wp\/v2\/pages\/39\/revisions"}],"predecessor-version":[{"id":6231,"href":"https:\/\/gemeindebuechereikastl.de\/index.php?rest_route=\/wp\/v2\/pages\/39\/revisions\/6231"}],"wp:attachment":[{"href":"https:\/\/gemeindebuechereikastl.de\/index.php?rest_route=%2Fwp%2Fv2%2Fmedia&parent=39"}],"curies":[{"name":"wp","href":"https:\/\/api.w.org\/{rel}","templated":true}]}}

Öffnungszeiten

<h1 style="text-align: center;"><span style="color: #ff6600;"><strong>Die Gemeindebücherei Kastl hat an folgenden Tagen in der Woche für Sie geöffnet!   </strong></span></h1>
<h2 style="text-align: center;"><span style="color: #ff6600;"><strong><img loading="lazy" decoding="async" class="alignnone wp-image-265 size-large" src="https://gemeindebuechereikastl.de/wp-content/uploads/2018/01/herzlich-willkommen-1024x665.jpg" alt="" width="750" height="487" srcset="https://gemeindebuechereikastl.de/wp-content/uploads/2018/01/herzlich-willkommen-1024x665.jpg 1024w, https://gemeindebuechereikastl.de/wp-content/uploads/2018/01/herzlich-willkommen-300x195.jpg 300w, https://gemeindebuechereikastl.de/wp-content/uploads/2018/01/herzlich-willkommen-768x499.jpg 768w" sizes="auto, (max-width: 750px) 100vw, 750px" /></strong></span></h2>
<h2 style="text-align: center;"><span style="color: #ff6600;"><strong><span style="color: #008000;">SONNTAG von 10:00 &#8211; 11:30 Uhr</span><br />
<span style="color: #008000;">&#8212;&#8212;&#8212;&#8212;&#8212;&#8212;&#8212;&#8212;&#8211;</span><br />
<span style="color: #008000;">DIENSTAG von 17:00 &#8211; 18:30 Uhr</span><br />
<span style="color: #008000;">&#8212;&#8212;&#8212;&#8212;&#8212;&#8212;&#8212;&#8212;&#8211;</span><br />
<span style="color: #008000;">DONNERSTAG von 17:00 &#8211; 18:30 Uhr</span><br />
</strong><span style="color: #008000;">____________________________________________________________</span></span></h2>
<h2 style="text-align: center;"><strong><span style="color: #000080;">Bitte beachten Sie: An den folgenden Tagen ist die Gemeindebücherei Kastl 2026 nicht geöffnet:</span></strong></h2>
<p><img loading="lazy" decoding="async" class="aligncenter wp-image-6118 size-full" src="https://gemeindebuechereikastl.de/wp-content/uploads/2025/12/Schliessungen-2026.jpg" alt="" width="990" height="510" srcset="https://gemeindebuechereikastl.de/wp-content/uploads/2025/12/Schliessungen-2026.jpg 990w, https://gemeindebuechereikastl.de/wp-content/uploads/2025/12/Schliessungen-2026-300x155.jpg 300w, https://gemeindebuechereikastl.de/wp-content/uploads/2025/12/Schliessungen-2026-768x396.jpg 768w, https://gemeindebuechereikastl.de/wp-content/uploads/2025/12/Schliessungen-2026-750x386.jpg 750w" sizes="auto, (max-width: 990px) 100vw, 990px" /></p>
<p>&nbsp;</p>

<p>Die Gemeindebücherei Kastl hat an folgenden Tagen in der Woche für Sie geöffnet!    SONNTAG von 10:00 &#8211; 11:30 Uhr &#8212;&#8212;&#8212;&#8212;&#8212;&#8212;&#8212;&#8212;&#8211; DIENSTAG von 17:00 &#8211; 18:30 Uhr &#8212;&#8212;&#8212;&#8212;&#8212;&#8212;&#8212;&#8212;&#8211; DONNERSTAG von 17:00 &#8211; 18:30 Uhr ____________________________________________________________ Bitte beachten Sie: An den folgenden Tagen ist die Gemeindebücherei Kastl 2026 nicht geöffnet: &nbsp;</p>
