{"id":44,"date":"2017-12-30T11:04:10","date_gmt":"2017-12-30T11:04:10","guid":{"rendered":"http:\/\/gemeindebuechereikastl.de\/?page_id=44"},"modified":"2024-03-14T15:19:04","modified_gmt":"2024-03-14T15:19:04","slug":"unsere-buecherei","status":"publish","type":"page","link":"https:\/\/gemeindebuechereikastl.de\/?page_id=44","title":{"rendered":"Unsere B\u00fccherei"},"content":{"rendered":"<p><img loading=\"lazy\" decoding=\"async\" class=\"wp-image-2486 size-large aligncenter\" src=\"https:\/\/gemeindebuechereikastl.de\/wp-content\/uploads\/2021\/12\/Gemeindebuecherei-Kastl-1603x1150.jpg\" alt=\"\" width=\"750\" height=\"538\" srcset=\"https:\/\/gemeindebuechereikastl.de\/wp-content\/uploads\/2021\/12\/Gemeindebuecherei-Kastl-1603x1150.jpg 1603w, https:\/\/gemeindebuechereikastl.de\/wp-content\/uploads\/2021\/12\/Gemeindebuecherei-Kastl-300x215.jpg 300w, https:\/\/gemeindebuechereikastl.de\/wp-content\/uploads\/2021\/12\/Gemeindebuecherei-Kastl-768x551.jpg 768w, https:\/\/gemeindebuechereikastl.de\/wp-content\/uploads\/2021\/12\/Gemeindebuecherei-Kastl-1536x1102.jpg 1536w, https:\/\/gemeindebuechereikastl.de\/wp-content\/uploads\/2021\/12\/Gemeindebuecherei-Kastl-2048x1470.jpg 2048w, https:\/\/gemeindebuechereikastl.de\/wp-content\/uploads\/2021\/12\/Gemeindebuecherei-Kastl-750x538.jpg 750w\" sizes=\"auto, (max-width: 750px) 100vw, 750px\" \/><\/p>\n<h3 style=\"text-align: center;\">Gemeindeb\u00fccherei Kastl<br \/>\nKlosterbergstra\u00dfe 1<br \/>\n92280 Kastl<\/h3>\n<h3 style=\"text-align: center;\">Tel. 09625-9091188<br \/>\n(nur w\u00e4hrend der \u00d6ffnungszeiten)<\/h3>\n<h3 style=\"text-align: center;\">Email:\u00a0<span style=\"color: #3366ff;\"> <a style=\"color: #3366ff;\" href=\"mailto:info@gemeindebuechereikastl.de\">info@gemeindebuechereikastl.de<\/a><\/span><\/h3>\n<h4 style=\"text-align: center;\">&#8212;&#8212;&#8212;&#8212;&#8212;&#8212;&#8212;&#8212;&#8212;&#8212;&#8212;&#8212;&#8212;&#8212;&#8212;&#8212;&#8212;&#8212;&#8212;&#8212;&#8212;&#8212;&#8212;&#8212;&#8212;&#8212;&#8212;&#8212;&#8212;&#8212;&#8212;&#8212;&#8212;&#8212;&#8212;&#8211;<\/h4>\n<h3 style=\"text-align: center;\"><span style=\"color: #0000ff;\"><strong><span style=\"color: #ff0000;\">INNENANSICHTEN &#8211; ERDGESCHOSS<\/span><\/strong><br \/>\n<\/span><\/h3>\n<p style=\"text-align: left;\"><img loading=\"lazy\" decoding=\"async\" class=\"alignleft wp-image-2478 size-large\" src=\"https:\/\/gemeindebuechereikastl.de\/wp-content\/uploads\/2021\/12\/EG-Blick-vom-Eingang-1603x1202.jpg\" alt=\"\" width=\"750\" height=\"562\" srcset=\"https:\/\/gemeindebuechereikastl.de\/wp-content\/uploads\/2021\/12\/EG-Blick-vom-Eingang-1603x1202.jpg 1603w, https:\/\/gemeindebuechereikastl.de\/wp-content\/uploads\/2021\/12\/EG-Blick-vom-Eingang-300x225.jpg 300w, https:\/\/gemeindebuechereikastl.de\/wp-content\/uploads\/2021\/12\/EG-Blick-vom-Eingang-768x576.jpg 768w, https:\/\/gemeindebuechereikastl.de\/wp-content\/uploads\/2021\/12\/EG-Blick-vom-Eingang-1536x1152.jpg 1536w, https:\/\/gemeindebuechereikastl.de\/wp-content\/uploads\/2021\/12\/EG-Blick-vom-Eingang-2048x1536.jpg 2048w, https:\/\/gemeindebuechereikastl.de\/wp-content\/uploads\/2021\/12\/EG-Blick-vom-Eingang-750x563.jpg 750w\" sizes=\"auto, (max-width: 750px) 100vw, 750px\" \/><\/p>\n<h3 style=\"text-align: center;\"><span style=\"color: #0000ff;\">\u00a0<span style=\"color: #333333;\"> Eingangsbereich mit Kinderb\u00fccher, Comics (Mangas) und H\u00f6rb\u00fccher<\/span><\/span><\/h3>\n<p style=\"text-align: left;\"><img loading=\"lazy\" decoding=\"async\" class=\"wp-image-2481 size-large alignleft\" src=\"https:\/\/gemeindebuechereikastl.de\/wp-content\/uploads\/2021\/12\/EG-Theke-1603x1112.jpg\" alt=\"\" width=\"750\" height=\"520\" srcset=\"https:\/\/gemeindebuechereikastl.de\/wp-content\/uploads\/2021\/12\/EG-Theke-1603x1112.jpg 1603w, https:\/\/gemeindebuechereikastl.de\/wp-content\/uploads\/2021\/12\/EG-Theke-300x208.jpg 300w, https:\/\/gemeindebuechereikastl.de\/wp-content\/uploads\/2021\/12\/EG-Theke-768x533.jpg 768w, https:\/\/gemeindebuechereikastl.de\/wp-content\/uploads\/2021\/12\/EG-Theke-1536x1065.jpg 1536w, https:\/\/gemeindebuechereikastl.de\/wp-content\/uploads\/2021\/12\/EG-Theke-2048x1421.jpg 2048w, https:\/\/gemeindebuechereikastl.de\/wp-content\/uploads\/2021\/12\/EG-Theke-750x520.jpg 750w\" sizes=\"auto, (max-width: 750px) 100vw, 750px\" \/><\/p>\n<h3 style=\"text-align: center;\"><span style=\"color: #333333;\">\u00a0 Arbeitsbereich und Theke<\/span><\/h3>\n<p style=\"text-align: left;\" data-wp-editing=\"1\"><img loading=\"lazy\" decoding=\"async\" class=\"wp-image-2479 aligncenter\" src=\"https:\/\/gemeindebuechereikastl.de\/wp-content\/uploads\/2021\/12\/EG-Kinderbuchbereich-905x1206.jpg\" alt=\"\" width=\"581\" height=\"774\" srcset=\"https:\/\/gemeindebuechereikastl.de\/wp-content\/uploads\/2021\/12\/EG-Kinderbuchbereich-905x1206.jpg 905w, https:\/\/gemeindebuechereikastl.de\/wp-content\/uploads\/2021\/12\/EG-Kinderbuchbereich-225x300.jpg 225w, https:\/\/gemeindebuechereikastl.de\/wp-content\/uploads\/2021\/12\/EG-Kinderbuchbereich-768x1024.jpg 768w, https:\/\/gemeindebuechereikastl.de\/wp-content\/uploads\/2021\/12\/EG-Kinderbuchbereich-1152x1536.jpg 1152w, https:\/\/gemeindebuechereikastl.de\/wp-content\/uploads\/2021\/12\/EG-Kinderbuchbereich-1536x2048.jpg 1536w, https:\/\/gemeindebuechereikastl.de\/wp-content\/uploads\/2021\/12\/EG-Kinderbuchbereich-750x1000.jpg 750w, https:\/\/gemeindebuechereikastl.de\/wp-content\/uploads\/2021\/12\/EG-Kinderbuchbereich-scaled.jpg 1920w\" sizes=\"auto, (max-width: 581px) 100vw, 581px\" \/><\/p>\n<h3 style=\"text-align: center;\">\u00a0<span style=\"color: #333333;\"> Nebenraum &#8211; Bilderb\u00fccher, Erstleseb\u00fccher und Kindersachb\u00fccher<\/span><\/h3>\n<p style=\"text-align: left;\"><img loading=\"lazy\" decoding=\"async\" class=\"wp-image-2480 size-large alignnone\" src=\"https:\/\/gemeindebuechereikastl.de\/wp-content\/uploads\/2021\/12\/EG-Sitzecke-und-Spiele-1603x1202.jpg\" alt=\"\" width=\"750\" height=\"562\" srcset=\"https:\/\/gemeindebuechereikastl.de\/wp-content\/uploads\/2021\/12\/EG-Sitzecke-und-Spiele-1603x1202.jpg 1603w, https:\/\/gemeindebuechereikastl.de\/wp-content\/uploads\/2021\/12\/EG-Sitzecke-und-Spiele-300x225.jpg 300w, https:\/\/gemeindebuechereikastl.de\/wp-content\/uploads\/2021\/12\/EG-Sitzecke-und-Spiele-768x576.jpg 768w, https:\/\/gemeindebuechereikastl.de\/wp-content\/uploads\/2021\/12\/EG-Sitzecke-und-Spiele-1536x1152.jpg 1536w, https:\/\/gemeindebuechereikastl.de\/wp-content\/uploads\/2021\/12\/EG-Sitzecke-und-Spiele-2048x1536.jpg 2048w, https:\/\/gemeindebuechereikastl.de\/wp-content\/uploads\/2021\/12\/EG-Sitzecke-und-Spiele-750x563.jpg 750w\" sizes=\"auto, (max-width: 750px) 100vw, 750px\" \/><\/p>\n<h3 style=\"text-align: center;\"><span style=\"color: #333333;\">\u00a0Kindersachb\u00fccher, Comics, Spiele und Sitzecke<\/span><\/h3>\n<h4>&#8212;&#8212;&#8212;&#8212;&#8212;&#8212;&#8212;&#8212;&#8212;&#8212;&#8212;&#8212;&#8212;&#8212;&#8212;&#8212;&#8212;&#8212;&#8212;&#8212;&#8212;&#8212;&#8212;&#8212;&#8212;&#8212;&#8212;&#8212;&#8212;&#8212;&#8212;&#8212;&#8212;&#8212;&#8212;&#8211;<\/h4>\n<h3 style=\"text-align: center;\"><span style=\"color: #ff0000;\"><strong>INNENANSICHTEN &#8211; OBER- bzw. DACHGESCHOSS<\/strong><\/span><\/h3>\n<h3 style=\"text-align: center;\"><span style=\"color: #333333;\"><img loading=\"lazy\" decoding=\"async\" class=\"aligncenter wp-image-4643 size-large\" src=\"https:\/\/gemeindebuechereikastl.de\/wp-content\/uploads\/2024\/03\/OG-richtung-Fenster-1603x902.jpg\" alt=\"\" width=\"750\" height=\"422\" srcset=\"https:\/\/gemeindebuechereikastl.de\/wp-content\/uploads\/2024\/03\/OG-richtung-Fenster-1603x902.jpg 1603w, https:\/\/gemeindebuechereikastl.de\/wp-content\/uploads\/2024\/03\/OG-richtung-Fenster-300x169.jpg 300w, https:\/\/gemeindebuechereikastl.de\/wp-content\/uploads\/2024\/03\/OG-richtung-Fenster-768x432.jpg 768w, https:\/\/gemeindebuechereikastl.de\/wp-content\/uploads\/2024\/03\/OG-richtung-Fenster-1536x865.jpg 1536w, https:\/\/gemeindebuechereikastl.de\/wp-content\/uploads\/2024\/03\/OG-richtung-Fenster-2048x1153.jpg 2048w, https:\/\/gemeindebuechereikastl.de\/wp-content\/uploads\/2024\/03\/OG-richtung-Fenster-750x422.jpg 750w\" sizes=\"auto, (max-width: 750px) 100vw, 750px\" \/><\/span><\/h3>\n<h3 style=\"text-align: center;\">Jugendb\u00fccher, Romane, Sachb\u00fccher<span style=\"color: #333333;\"> und Leseplatz<br \/>\n<\/span><\/h3>\n<h3 style=\"text-align: center;\"><span style=\"color: #333333;\"><img loading=\"lazy\" decoding=\"async\" class=\"wp-image-4644 size-large alignnone\" src=\"https:\/\/gemeindebuechereikastl.de\/wp-content\/uploads\/2024\/03\/OG-richtung-aufgang-1603x902.jpg\" alt=\"\" width=\"750\" height=\"422\" srcset=\"https:\/\/gemeindebuechereikastl.de\/wp-content\/uploads\/2024\/03\/OG-richtung-aufgang-1603x902.jpg 1603w, https:\/\/gemeindebuechereikastl.de\/wp-content\/uploads\/2024\/03\/OG-richtung-aufgang-300x169.jpg 300w, https:\/\/gemeindebuechereikastl.de\/wp-content\/uploads\/2024\/03\/OG-richtung-aufgang-768x432.jpg 768w, https:\/\/gemeindebuechereikastl.de\/wp-content\/uploads\/2024\/03\/OG-richtung-aufgang-1536x865.jpg 1536w, https:\/\/gemeindebuechereikastl.de\/wp-content\/uploads\/2024\/03\/OG-richtung-aufgang-2048x1153.jpg 2048w, https:\/\/gemeindebuechereikastl.de\/wp-content\/uploads\/2024\/03\/OG-richtung-aufgang-750x422.jpg 750w\" sizes=\"auto, (max-width: 750px) 100vw, 750px\" \/><\/span><\/h3>\n<h3 style=\"text-align: center;\"><span style=\"color: #0000ff;\">\u00a0 <span style=\"color: #333333;\">Jugendb\u00fccher, Romane, Sachb\u00fccher, H\u00f6rb\u00fccher und Leseplatz<br \/>\n<\/span><\/span><\/h3>\n<p style=\"text-align: left;\"><img loading=\"lazy\" decoding=\"async\" class=\"wp-image-2483 aligncenter\" src=\"https:\/\/gemeindebuechereikastl.de\/wp-content\/uploads\/2021\/12\/OG-Leseecke-804x1206.jpg\" alt=\"\" width=\"406\" height=\"609\" srcset=\"https:\/\/gemeindebuechereikastl.de\/wp-content\/uploads\/2021\/12\/OG-Leseecke-804x1206.jpg 804w, https:\/\/gemeindebuechereikastl.de\/wp-content\/uploads\/2021\/12\/OG-Leseecke-200x300.jpg 200w, https:\/\/gemeindebuechereikastl.de\/wp-content\/uploads\/2021\/12\/OG-Leseecke-768x1152.jpg 768w, https:\/\/gemeindebuechereikastl.de\/wp-content\/uploads\/2021\/12\/OG-Leseecke-1024x1536.jpg 1024w, https:\/\/gemeindebuechereikastl.de\/wp-content\/uploads\/2021\/12\/OG-Leseecke-1365x2048.jpg 1365w, https:\/\/gemeindebuechereikastl.de\/wp-content\/uploads\/2021\/12\/OG-Leseecke-750x1125.jpg 750w, https:\/\/gemeindebuechereikastl.de\/wp-content\/uploads\/2021\/12\/OG-Leseecke-scaled.jpg 1707w\" sizes=\"auto, (max-width: 406px) 100vw, 406px\" \/><\/p>\n<h3 style=\"text-align: center;\"><span style=\"color: #0000ff;\">\u00a0 \u00a0 \u00a0 <span style=\"color: #333333;\">\u00a0Gem\u00fctliche Leser-Ecke<br \/>\n<\/span><\/span><\/h3>\n","protected":false},"excerpt":{"rendered":"<p>Gemeindeb\u00fccherei Kastl Klosterbergstra\u00dfe 1 92280 Kastl Tel. 09625-9091188 (nur w\u00e4hrend der \u00d6ffnungszeiten) Email:\u00a0 info@gemeindebuechereikastl.de &#8212;&#8212;&#8212;&#8212;&#8212;&#8212;&#8212;&#8212;&#8212;&#8212;&#8212;&#8212;&#8212;&#8212;&#8212;&#8212;&#8212;&#8212;&#8212;&#8212;&#8212;&#8212;&#8212;&#8212;&#8212;&#8212;&#8212;&#8212;&#8212;&#8212;&#8212;&#8212;&#8212;&#8212;&#8212;&#8211; INNENANSICHTEN &#8211; ERDGESCHOSS \u00a0 Eingangsbereich mit Kinderb\u00fccher, Comics (Mangas) und H\u00f6rb\u00fccher \u00a0 Arbeitsbereich und Theke \u00a0 Nebenraum &#8211; Bilderb\u00fccher, Erstleseb\u00fccher und Kindersachb\u00fccher \u00a0Kindersachb\u00fccher, Comics, Spiele und Sitzecke &#8212;&#8212;&#8212;&#8212;&#8212;&#8212;&#8212;&#8212;&#8212;&#8212;&#8212;&#8212;&#8212;&#8212;&#8212;&#8212;&#8212;&#8212;&#8212;&#8212;&#8212;&#8212;&#8212;&#8212;&#8212;&#8212;&#8212;&#8212;&#8212;&#8212;&#8212;&#8212;&#8212;&#8212;&#8212;&#8211; INNENANSICHTEN &#8211; OBER- bzw. DACHGESCHOSS Jugendb\u00fccher, Romane, Sachb\u00fccher und Leseplatz \u00a0 Jugendb\u00fccher, &hellip; <\/p>\n<p><a class=\"more-link btn\" href=\"https:\/\/gemeindebuechereikastl.de\/?page_id=44\">Weiterlesen<\/a><\/p>\n","protected":false},"author":3,"featured_media":0,"parent":0,"menu_order":0,"comment_status":"closed","ping_status":"closed","template":"","meta":{"footnotes":""},"class_list":["post-44","page","type-page","status-publish","hentry","nodate","item-wrap"],"_links":{"self":[{"href":"https:\/\/gemeindebuechereikastl.de\/index.php?rest_route=\/wp\/v2\/pages\/44","targetHints":{"allow":["GET"]}}],"collection":[{"href":"https:\/\/gemeindebuechereikastl.de\/index.php?rest_route=\/wp\/v2\/pages"}],"about":[{"href":"https:\/\/gemeindebuechereikastl.de\/index.php?rest_route=\/wp\/v2\/types\/page"}],"author":[{"embeddable":true,"href":"https:\/\/gemeindebuechereikastl.de\/index.php?rest_route=\/wp\/v2\/users\/3"}],"replies":[{"embeddable":true,"href":"https:\/\/gemeindebuechereikastl.de\/index.php?rest_route=%2Fwp%2Fv2%2Fcomments&post=44"}],"version-history":[{"count":27,"href":"https:\/\/gemeindebuechereikastl.de\/index.php?rest_route=\/wp\/v2\/pages\/44\/revisions"}],"predecessor-version":[{"id":4647,"href":"https:\/\/gemeindebuechereikastl.de\/index.php?rest_route=\/wp\/v2\/pages\/44\/revisions\/4647"}],"wp:attachment":[{"href":"https:\/\/gemeindebuechereikastl.de\/index.php?rest_route=%2Fwp%2Fv2%2Fmedia&parent=44"}],"curies":[{"name":"wp","href":"https:\/\/api.w.org\/{rel}","templated":true}]}}