{"id":4978,"date":"2024-08-05T15:43:30","date_gmt":"2024-08-05T15:43:30","guid":{"rendered":"https:\/\/gemeindebuechereikastl.de\/?page_id=4978"},"modified":"2025-12-16T16:57:10","modified_gmt":"2025-12-16T16:57:10","slug":"termine","status":"publish","type":"page","link":"https:\/\/gemeindebuechereikastl.de\/?page_id=4978","title":{"rendered":"Termine 2026"},"content":{"rendered":"<h1 style=\"text-align: center;\"><span style=\"color: #ff6600;\"><strong>Aktionen und Veranstaltungen der Gemeindeb\u00fccherei Kastl in 2026<\/strong><\/span><\/h1>\n<h4 style=\"text-align: center;\"><img loading=\"lazy\" decoding=\"async\" class=\"size-medium wp-image-6178 alignleft\" src=\"https:\/\/gemeindebuechereikastl.de\/wp-content\/uploads\/2025\/12\/Termine-2026-300x263.jpg\" alt=\"\" width=\"300\" height=\"263\" srcset=\"https:\/\/gemeindebuechereikastl.de\/wp-content\/uploads\/2025\/12\/Termine-2026-300x263.jpg 300w, https:\/\/gemeindebuechereikastl.de\/wp-content\/uploads\/2025\/12\/Termine-2026-768x672.jpg 768w, https:\/\/gemeindebuechereikastl.de\/wp-content\/uploads\/2025\/12\/Termine-2026-750x656.jpg 750w, https:\/\/gemeindebuechereikastl.de\/wp-content\/uploads\/2025\/12\/Termine-2026.jpg 801w\" sizes=\"auto, (max-width: 300px) 100vw, 300px\" \/><br \/>\nAuch im Jahr 2026 begeistert das B\u00fcchereiteam mit einem besonders vielf\u00e4ltigen und liebevoll gestalteten Programm f\u00fcr alle Generationen. Zahlreiche Veranstaltungen, Aktionen und Termine f\u00fcr Kinder, Jugendliche und Erwachsene machen die B\u00fccherei erneut zu einem lebendigen, inspirierenden Treffpunkt f\u00fcr Leserinnen und Leser jeden Alters sowie f\u00fcr alle Interessierten. Ob stimmungsvolle Vorlesestunden, kreative Mitmachangebote oder spannende Themenabende \u2013 der neue Veranstaltungskalender steckt voller Highlights und l\u00e4dt zum Entdecken und Mitmachen ein.<\/h4>\n<table width=\"729\">\n<tbody>\n<tr>\n<td width=\"113\">\n<h3><b>Datum<\/b><\/h3>\n<\/td>\n<td width=\"389\">\n<h3><b>Aktion<\/b><\/h3>\n<\/td>\n<td width=\"105\">\n<h3><b>Ort<\/b><\/h3>\n<\/td>\n<td width=\"122\">\n<h3><b>Uhrzeit<\/b><\/h3>\n<\/td>\n<\/tr>\n<tr>\n<td width=\"113\"><\/td>\n<td width=\"389\"><\/td>\n<td width=\"105\"><\/td>\n<td width=\"122\"><\/td>\n<\/tr>\n<tr>\n<td width=\"113\"><b>17.01.26<\/b><\/td>\n<td width=\"389\"><b>&#8222;Kastler Vorlesezeit&#8220;<\/b> mit Monika Breunig &#8211; &#8222;Die Schnecke und der Buckelwal&#8220;<\/td>\n<td width=\"105\">B\u00fccherei<\/td>\n<td width=\"122\">10:00 Uhr<\/td>\n<\/tr>\n<tr>\n<td width=\"113\"><b>12.02.26<\/b><\/td>\n<td width=\"389\"><b>Aktion f\u00fcr Kinder<\/b> mit <b>Clownfrau Anni Castello &#8211; <\/b>Basteln mit Luftballons<\/td>\n<td width=\"105\">B\u00fccherei<\/td>\n<td width=\"122\">17.30 Uhr<\/td>\n<\/tr>\n<tr>\n<td width=\"113\"><b>21.02.26<\/b><\/td>\n<td width=\"389\"><b>&#8222;Kastler Vorlesezeit&#8220; &#8211; Kuscheltier Vorlesezeit<\/b> mit, Gabi Klett-Ghanem \u2013 Buch: &#8222;Pu der B\u00e4r&#8220;<\/td>\n<td width=\"105\">B\u00fccherei<\/td>\n<td width=\"122\">10:00 Uhr<\/td>\n<\/tr>\n<tr>\n<td width=\"113\"><b>21.03.26<\/b><\/td>\n<td width=\"389\"><b>&#8222;Kastler Vorlesezeit&#8220; <\/b>Fr\u00fchlingserwachen mit Birgit Forster<\/td>\n<td width=\"105\">B\u00fccherei<\/td>\n<td width=\"122\">10:00 Uhr<\/td>\n<\/tr>\n<tr>\n<td width=\"113\"><b>18.04.26<\/b><\/td>\n<td width=\"389\"><b>&#8222;Kastler Vorlesezeit&#8220;<\/b> mit Josef Riedl \u2013 Buch: &#8222;Petronella Apfelmus&#8220;<\/td>\n<td width=\"105\">B\u00fccherei<\/td>\n<td width=\"122\">10:00 Uhr<\/td>\n<\/tr>\n<tr>\n<td width=\"113\"><b>25.04.26<\/b><\/td>\n<td width=\"389\"><b>Autorenlesung mit Eberhard Schellenberger<\/b> \u201eDeckname Antenne\u201c Als Journalist im Visier der Stasi<\/td>\n<td width=\"105\">B\u00fccherei<\/td>\n<td width=\"122\">20:00 Uhr<\/td>\n<\/tr>\n<tr>\n<td width=\"113\"><b>16.05.26<\/b><\/td>\n<td width=\"389\"><b>&#8222;Kastler Vorlesezeit&#8220; <\/b>mit Nadja Ghanem \u2013 Bilderbuch:\u00a0 &#8222;Hey, hey, hey, Taxi!&#8220;<\/td>\n<td width=\"105\">B\u00fccherei<\/td>\n<td width=\"122\">10:00 Uhr<\/td>\n<\/tr>\n<tr>\n<td width=\"113\"><b>11.07.26<\/b><\/td>\n<td width=\"389\"><b>Musicalfahrt Wunsiedel<\/b><br \/>\nTHE ROCKY HORROR SHOW<\/td>\n<td width=\"105\">Wunsiedel<\/td>\n<td width=\"122\">16:00 Uhr<\/td>\n<\/tr>\n<tr>\n<td width=\"113\"><b>17.\u201319. 07.26<\/b><\/td>\n<td width=\"389\"><b>Teilnahme am B\u00fcrgerfest<\/b> mit Brezenstand und<br \/>\nB\u00fccherflohmarkt<\/td>\n<td width=\"105\">Marktplatz<\/td>\n<td width=\"122\"><\/td>\n<\/tr>\n<tr>\n<td width=\"113\"><b>08.08.26<\/b><\/td>\n<td width=\"389\"><b>Ferienfahrt zu den Luisenburg Festspielen<\/b> und \u201eMEISTER EDER UND SEIN PUMUCKL\u201c<\/td>\n<td width=\"105\">Wunsiedel<\/td>\n<td width=\"122\">08:00 Uhr<\/td>\n<\/tr>\n<tr>\n<td width=\"113\"><b>09.10.26<\/b><\/td>\n<td width=\"389\"><b>Wein-Lese-Abend mit Texten von \u201eGerhard Polt\u201c<\/b><br \/>\ngelesen vom Boader Albert Fromm<\/td>\n<td width=\"105\">B\u00fccherei<\/td>\n<td width=\"122\">19:00 Uhr<\/td>\n<\/tr>\n<tr>\n<td width=\"113\"><b>11.10.26<\/b><\/td>\n<td width=\"389\"><b>Tag der offenen T\u00fcr<\/b> mit Kaffee und Kuchen und\u00a0f\u00fcr Kinder ein Zauberer am Nachmittag<\/td>\n<td width=\"105\">B\u00fccherei<\/td>\n<td width=\"122\">14 \u2013 18 Uhr<\/td>\n<\/tr>\n<tr>\n<td width=\"113\"><b>29.10.26<\/b><\/td>\n<td width=\"389\"><b>Dunkelausleihe mit<br \/>\nGrusel-Vorlesen um 17.30 Uhr<\/b><\/td>\n<td width=\"105\">B\u00fccherei<\/td>\n<td width=\"122\">17 \u2013 19 Uhr<\/td>\n<\/tr>\n<tr>\n<td width=\"113\"><b>21.11.26<\/b><\/td>\n<td width=\"389\"><b>Vorlesezeit <\/b>\u2013 Teilnahme am Bundesweiten Vorlesetag<\/td>\n<td width=\"105\">B\u00fccherei<\/td>\n<td width=\"122\">10:00 Uhr<\/td>\n<\/tr>\n<tr>\n<td width=\"113\"><b>19.12.26<\/b><\/td>\n<td width=\"389\"><b>Vorlesezeit<\/b> \u2013 Wir warten aufs Christkind<\/td>\n<td width=\"105\">B\u00fccherei<\/td>\n<td width=\"122\">10:00 Uhr<\/td>\n<\/tr>\n<\/tbody>\n<\/table>\n<h4>Der Veranstaltungskalender bildet den aktuellen Stand der Planungen ab. Im Laufe des Jahres 2026 k\u00f6nnen jedoch weitere Aktionen, Lesungen und besondere Angebote hinzukommen. \u00dcber alle bestehenden sowie neu geplanten Termine informiert die Gemeindeb\u00fccherei rechtzeitig und aktuell in der Presse sowie auf der Homepage und den Social-Media-Kan\u00e4len Facebook und Instagram. Ein regelm\u00e4\u00dfiger Blick lohnt sich, um keine Veranstaltung zu verpassen!<\/h4>\n<h3><span style=\"color: #800000;\"><b>Ihr B\u00fcchereiteam<\/b><\/span><\/h3>\n","protected":false},"excerpt":{"rendered":"<p>Aktionen und Veranstaltungen der Gemeindeb\u00fccherei Kastl in 2026 Auch im Jahr 2026 begeistert das B\u00fcchereiteam mit einem besonders vielf\u00e4ltigen und liebevoll gestalteten Programm f\u00fcr alle Generationen. Zahlreiche Veranstaltungen, Aktionen und Termine f\u00fcr Kinder, Jugendliche und Erwachsene machen die B\u00fccherei erneut zu einem lebendigen, inspirierenden Treffpunkt f\u00fcr Leserinnen und Leser jeden Alters sowie f\u00fcr alle Interessierten. &hellip; <\/p>\n<p><a class=\"more-link btn\" href=\"https:\/\/gemeindebuechereikastl.de\/?page_id=4978\">Weiterlesen<\/a><\/p>\n","protected":false},"author":1,"featured_media":0,"parent":0,"menu_order":0,"comment_status":"closed","ping_status":"closed","template":"","meta":{"footnotes":""},"class_list":["post-4978","page","type-page","status-publish","hentry","nodate","item-wrap"],"_links":{"self":[{"href":"https:\/\/gemeindebuechereikastl.de\/index.php?rest_route=\/wp\/v2\/pages\/4978","targetHints":{"allow":["GET"]}}],"collection":[{"href":"https:\/\/gemeindebuechereikastl.de\/index.php?rest_route=\/wp\/v2\/pages"}],"about":[{"href":"https:\/\/gemeindebuechereikastl.de\/index.php?rest_route=\/wp\/v2\/types\/page"}],"author":[{"embeddable":true,"href":"https:\/\/gemeindebuechereikastl.de\/index.php?rest_route=\/wp\/v2\/users\/1"}],"replies":[{"embeddable":true,"href":"https:\/\/gemeindebuechereikastl.de\/index.php?rest_route=%2Fwp%2Fv2%2Fcomments&post=4978"}],"version-history":[{"count":19,"href":"https:\/\/gemeindebuechereikastl.de\/index.php?rest_route=\/wp\/v2\/pages\/4978\/revisions"}],"predecessor-version":[{"id":6183,"href":"https:\/\/gemeindebuechereikastl.de\/index.php?rest_route=\/wp\/v2\/pages\/4978\/revisions\/6183"}],"wp:attachment":[{"href":"https:\/\/gemeindebuechereikastl.de\/index.php?rest_route=%2Fwp%2Fv2%2Fmedia&parent=4978"}],"curies":[{"name":"wp","href":"https:\/\/api.w.org\/{rel}","templated":true}]}}

<h1 style="text-align: center;"><span style="color: #ff6600;"><strong>Aktionen und Veranstaltungen der Gemeindebücherei Kastl in 2026</strong></span></h1>
<h4 style="text-align: center;"><img loading="lazy" decoding="async" class="size-medium wp-image-6178 alignleft" src="https://gemeindebuechereikastl.de/wp-content/uploads/2025/12/Termine-2026-300x263.jpg" alt="" width="300" height="263" srcset="https://gemeindebuechereikastl.de/wp-content/uploads/2025/12/Termine-2026-300x263.jpg 300w, https://gemeindebuechereikastl.de/wp-content/uploads/2025/12/Termine-2026-768x672.jpg 768w, https://gemeindebuechereikastl.de/wp-content/uploads/2025/12/Termine-2026-750x656.jpg 750w, https://gemeindebuechereikastl.de/wp-content/uploads/2025/12/Termine-2026.jpg 801w" sizes="auto, (max-width: 300px) 100vw, 300px" /><br />
Auch im Jahr 2026 begeistert das Büchereiteam mit einem besonders vielfältigen und liebevoll gestalteten Programm für alle Generationen. Zahlreiche Veranstaltungen, Aktionen und Termine für Kinder, Jugendliche und Erwachsene machen die Bücherei erneut zu einem lebendigen, inspirierenden Treffpunkt für Leserinnen und Leser jeden Alters sowie für alle Interessierten. Ob stimmungsvolle Vorlesestunden, kreative Mitmachangebote oder spannende Themenabende – der neue Veranstaltungskalender steckt voller Highlights und lädt zum Entdecken und Mitmachen ein.</h4>
<table width="729">
<tbody>
<tr>
<td width="113">
<h3><b>Datum</b></h3>
</td>
<td width="389">
<h3><b>Aktion</b></h3>
</td>
<td width="105">
<h3><b>Ort</b></h3>
</td>
<td width="122">
<h3><b>Uhrzeit</b></h3>
</td>
</tr>
<tr>
<td width="113"></td>
<td width="389"></td>
<td width="105"></td>
<td width="122"></td>
</tr>
<tr>
<td width="113"><b>17.01.26</b></td>
<td width="389"><b>&#8222;Kastler Vorlesezeit&#8220;</b> mit Monika Breunig &#8211; &#8222;Die Schnecke und der Buckelwal&#8220;</td>
<td width="105">Bücherei</td>
<td width="122">10:00 Uhr</td>
</tr>
<tr>
<td width="113"><b>12.02.26</b></td>
<td width="389"><b>Aktion für Kinder</b> mit <b>Clownfrau Anni Castello &#8211; </b>Basteln mit Luftballons</td>
<td width="105">Bücherei</td>
<td width="122">17.30 Uhr</td>
</tr>
<tr>
<td width="113"><b>21.02.26</b></td>
<td width="389"><b>&#8222;Kastler Vorlesezeit&#8220; &#8211; Kuscheltier Vorlesezeit</b> mit, Gabi Klett-Ghanem – Buch: &#8222;Pu der Bär&#8220;</td>
<td width="105">Bücherei</td>
<td width="122">10:00 Uhr</td>
</tr>
<tr>
<td width="113"><b>21.03.26</b></td>
<td width="389"><b>&#8222;Kastler Vorlesezeit&#8220; </b>Frühlingserwachen mit Birgit Forster</td>
<td width="105">Bücherei</td>
<td width="122">10:00 Uhr</td>
</tr>
<tr>
<td width="113"><b>18.04.26</b></td>
<td width="389"><b>&#8222;Kastler Vorlesezeit&#8220;</b> mit Josef Riedl – Buch: &#8222;Petronella Apfelmus&#8220;</td>
<td width="105">Bücherei</td>
<td width="122">10:00 Uhr</td>
</tr>
<tr>
<td width="113"><b>25.04.26</b></td>
<td width="389"><b>Autorenlesung mit Eberhard Schellenberger</b> „Deckname Antenne“ Als Journalist im Visier der Stasi</td>
<td width="105">Bücherei</td>
<td width="122">20:00 Uhr</td>
</tr>
<tr>
<td width="113"><b>16.05.26</b></td>
<td width="389"><b>&#8222;Kastler Vorlesezeit&#8220; </b>mit Nadja Ghanem – Bilderbuch:  &#8222;Hey, hey, hey, Taxi!&#8220;</td>
<td width="105">Bücherei</td>
<td width="122">10:00 Uhr</td>
</tr>
<tr>
<td width="113"><b>11.07.26</b></td>
<td width="389"><b>Musicalfahrt Wunsiedel</b><br />
THE ROCKY HORROR SHOW</td>
<td width="105">Wunsiedel</td>
<td width="122">16:00 Uhr</td>
</tr>
<tr>
<td width="113"><b>17.–19. 07.26</b></td>
<td width="389"><b>Teilnahme am Bürgerfest</b> mit Brezenstand und<br />
Bücherflohmarkt</td>
<td width="105">Marktplatz</td>
<td width="122"></td>
</tr>
<tr>
<td width="113"><b>08.08.26</b></td>
<td width="389"><b>Ferienfahrt zu den Luisenburg Festspielen</b> und „MEISTER EDER UND SEIN PUMUCKL“</td>
<td width="105">Wunsiedel</td>
<td width="122">08:00 Uhr</td>
</tr>
<tr>
<td width="113"><b>09.10.26</b></td>
<td width="389"><b>Wein-Lese-Abend mit Texten von „Gerhard Polt“</b><br />
gelesen vom Boader Albert Fromm</td>
<td width="105">Bücherei</td>
<td width="122">19:00 Uhr</td>
</tr>
<tr>
<td width="113"><b>11.10.26</b></td>
<td width="389"><b>Tag der offenen Tür</b> mit Kaffee und Kuchen und für Kinder ein Zauberer am Nachmittag</td>
<td width="105">Bücherei</td>
<td width="122">14 – 18 Uhr</td>
</tr>
<tr>
<td width="113"><b>29.10.26</b></td>
<td width="389"><b>Dunkelausleihe mit<br />
Grusel-Vorlesen um 17.30 Uhr</b></td>
<td width="105">Bücherei</td>
<td width="122">17 – 19 Uhr</td>
</tr>
<tr>
<td width="113"><b>21.11.26</b></td>
<td width="389"><b>Vorlesezeit </b>– Teilnahme am Bundesweiten Vorlesetag</td>
<td width="105">Bücherei</td>
<td width="122">10:00 Uhr</td>
</tr>
<tr>
<td width="113"><b>19.12.26</b></td>
<td width="389"><b>Vorlesezeit</b> – Wir warten aufs Christkind</td>
<td width="105">Bücherei</td>
<td width="122">10:00 Uhr</td>
</tr>
</tbody>
</table>
<h4>Der Veranstaltungskalender bildet den aktuellen Stand der Planungen ab. Im Laufe des Jahres 2026 können jedoch weitere Aktionen, Lesungen und besondere Angebote hinzukommen. Über alle bestehenden sowie neu geplanten Termine informiert die Gemeindebücherei rechtzeitig und aktuell in der Presse sowie auf der Homepage und den Social-Media-Kanälen Facebook und Instagram. Ein regelmäßiger Blick lohnt sich, um keine Veranstaltung zu verpassen!</h4>
<h3><span style="color: #800000;"><b>Ihr Büchereiteam</b></span></h3>

<p>Aktionen und Veranstaltungen der Gemeindebücherei Kastl in 2026 Auch im Jahr 2026 begeistert das Büchereiteam mit einem besonders vielfältigen und liebevoll gestalteten Programm für alle Generationen. Zahlreiche Veranstaltungen, Aktionen und Termine für Kinder, Jugendliche und Erwachsene machen die Bücherei erneut zu einem lebendigen, inspirierenden Treffpunkt für Leserinnen und Leser jeden Alters sowie für alle Interessierten. &hellip; </p>
<p><a class="more-link btn" href="https://gemeindebuechereikastl.de/?page_id=4978">Weiterlesen</a></p>
