{"id":81,"date":"2018-01-04T15:55:44","date_gmt":"2018-01-04T15:55:44","guid":{"rendered":"http:\/\/gemeindebuechereikastl.de\/?page_id=81"},"modified":"2020-01-09T16:26:53","modified_gmt":"2020-01-09T16:26:53","slug":"impressum","status":"publish","type":"page","link":"https:\/\/gemeindebuechereikastl.de\/?page_id=81","title":{"rendered":"Impressum"},"content":{"rendered":"<p><strong>Impressum \/ Kontakt<\/strong><\/p>\n<p>Gemeindeb\u00fccherei Kastl<br \/>\nKlosterbergstr. 1<br \/>\n892280 Kastl<br \/>\nTel.: 09625 \/ 9091188<br \/>\nEmail: <a href=\"mailto:info@gemeindebuechereikastl.de\">info@gemeindebuechereikastl.de<\/a><\/p>\n<p><strong>Herausgeber<\/strong><\/p>\n<p>Gemeindeb\u00fccherei Kastl<br \/>\nvertreten durch B\u00fcchereileiter Georg D\u00fcrr<br \/>\nPeter Spies Str. 10<br \/>\n92280 Kastl<br \/>\nTelefon: +49(0)9625 \/ 431<\/p>\n<p><strong>Rechtlicher Hinweis<\/strong><\/p>\n<p>Urheberrecht &#8211; Copyright \u00a9 Gemeindeb\u00fccherei Kastl &#8211; alle Rechte vorbehalten.<\/p>\n<p>Falls nicht anders angegeben, unterliegen alle Seiten auf diesem Informationsserver der Gemeindeb\u00fccherei Kastl dem Urheberrecht (Copyright). Dies gilt insbesondere f\u00fcr Texte, Bilder, Grafiken, Ton-, Video- oder Animationsdateien einschlie\u00dflich deren Anordnung auf den Web-Seiten. Eine Vervielf\u00e4ltigung oder Verwendung solcher Seiten (oder Teilen davon) in anderen elektronischen oder gedruckten Publikationen und deren Ver\u00f6ffentlichung (auch im Internet) ist nur nach vorheriger schriftlicher Genehmigung gestattet. Weiterhin k\u00f6nnen Bilder, Grafiken, Text- oder sonstige Dateien ganz oder teilweise dem Urheberrecht Dritter unterliegen.<\/p>\n<p>Alle innerhalb des Internetangebotes genannten und ggf. durch Dritte gesch\u00fctzten Marken- und Warenzeichen unterliegen uneingeschr\u00e4nkt den Bestimmungen des jeweils g\u00fcltigen Kennzeichenrechts und den Besitzrechten der jeweiligen eingetragenen Eigent\u00fcmer. Allein aufgrund der blo\u00dfen Nennung in unserem Internetangebot ist nicht der Schluss zu ziehen, dass Markenzeichen nicht durch Rechte Dritter gesch\u00fctzt sind. \u00a0 Haftungsausschluss Die Gemeindeb\u00fccherei Kastl hat alle in ihrem Bereich bereitgestellten Informationen nach bestem Wissen und Gewissen erarbeitet und gepr\u00fcft. Es wird jedoch keine Gew\u00e4hr f\u00fcr die Aktualit\u00e4t, Richtigkeit, Vollst\u00e4ndigkeit oder Qualit\u00e4t und jederzeitige Verf\u00fcgbarkeit der bereit gestellten Informationen \u00fcbernommen. Wir bem\u00fchen uns selbstverst\u00e4ndlich, die Informationen mit der gr\u00f6\u00dftm\u00f6glichen Sorgfalt zu erfassen.<\/p>\n<p>Unbeschadet der Regelungen des \u00a7 675 Absatz 2 BGB gilt f\u00fcr das bereitgestellte Informationsangebot folgende <strong>Haftungsbeschr\u00e4nkung<\/strong>: Die Gemeindeb\u00fccherei Kastl und seine Bediensteten haften nicht f\u00fcr Sch\u00e4den, die durch die Nutzung oder Nichtnutzung der auf der Homepage angebotenen Informationen entstehen. Der Haftungsausschluss gilt nicht, soweit die Vorschriften des \u00a7 839 BGB (Haftung bei Amtspflichtverletzung) einschl\u00e4gig sind. F\u00fcr etwaige Sch\u00e4den, die beim Aufrufen oder Herunterladen von Daten durch Computerviren oder der Installation oder Nutzung von Software verursacht werden, wird nicht gehaftet. \u00a0 Namentlich gekennzeichnete Internetseiten geben die Auffassungen und Erkenntnisse der abfassenden Personen wieder. Die Gemeindeb\u00fccherei Kastl beh\u00e4lt es sich ausdr\u00fccklich vor, einzelne Webseiten oder das gesamte Angebot ohne gesonderte Ank\u00fcndigung zu ver\u00e4ndern, zu erg\u00e4nzen zu l\u00f6schen oder die Ver\u00f6ffentlichung zeitweise oder endg\u00fcltig einzustellen.<\/p>\n<p><strong>Links und Verweise (Disclaimer)<\/strong><br \/>\nDie Gemeindeb\u00fccherei Kastl ist nur f\u00fcr die &#8222;eigenen Inhalte&#8220;, die es zur Nutzung bereith\u00e4lt, nach den einschl\u00e4gigen Gesetzen verantwortlich. Von diesen eigenen Inhalten sind Querverweise (&#8222;Links&#8220;) auf die Webseiten anderer Anbieter zu unterscheiden. \u00a0 Durch die auf der Homepage vorhandenen Querverweis erm\u00f6glicht die Gemeindeb\u00fccherei Kastl den Zugang zu &#8222;fremden Inhalten&#8220;. Die auf den gelinkten Seiten wiedergegebenen Meinungs\u00e4u\u00dferungen und \/ oder Tatsachenbehauptungen liegen in der alleinigen Verantwortung des \/ des jeweiligen Autors \/ Autorin und spiegeln nicht die Meinung der Gemeinde Oberammergau wieder.<\/p>\n<p>Durch den Querverweis vermittelt die Gemeindeb\u00fccherei Kastl lediglich den Zugang zur Nutzung dieser Inhalte. F\u00fcr diese &#8222;fremden&#8220; Inhalte ist sie nicht verantwortlich, da sie die \u00dcbermittlung der Information nicht veranlasst, den Adressaten der \u00fcbermittelten Informationen nicht ausw\u00e4hlt und die \u00fcbermittelten Informationen auch nicht ausgew\u00e4hlt oder ver\u00e4ndert hat. Auch eine automatische kurzzeitige Zwischenspeicherung dieser &#8222;fremden Informationen&#8220; erfolgt wegen der gew\u00e4hlten Aufruf- und Verlinkungsmethodik nicht, so dass sich auch dadurch keine Verantwortlichkeit der Gemeindeb\u00fccherei Kastl f\u00fcr diese fremden Inhalte ergibt.<\/p>\n<p>F\u00fcr illegale, fehlerhafte oder unvollst\u00e4ndige Inhalte und insbesondere f\u00fcr Sch\u00e4den, die aus der Nutzung oder Nichtnutzung von Informationen Dritter entstehen, haftet allein der jeweilige Anbieter der Seite, auf welche verwiesen wurde.<\/p>\n<p><strong>Hinweis<\/strong>: &#8222;Mit Urteil vom 12. Mai 1998 (312 O 85\/98) hat das Landgericht Hamburg entschieden, dass man durch das Setzen eines Links die Inhalte der gelinkten Seite mit zu verantworten hat. Dies kann nur dadurch verhindert werden, dass man sich ausdr\u00fccklich von diesen Inhalten distanziert. F\u00fcr alle Links, die von den Internetseiten &#8222;www.gemeindebuechereikastl.de&#8220; zu anderen Internetseiten f\u00fchren, gilt: &#8222;www.gemeindebuechereikastl.de&#8220; erkl\u00e4ren ausdr\u00fccklich, dass sie keinerlei Einfluss auf die Gestaltung und die Inhalte der gelinkten Seiten haben. Deshalb distanzieren sie sich hiermit ausdr\u00fccklich von allen Inhalten aller gelinkten Seiten auf der Domain &#8222;www.gemeindebuechereikastl.de &#8220; und machen sich diese Inhalte nicht zu Eigen.<\/p>\n<p>Hinweis zum E-Mail-Verkehr mit der Gemeindeb\u00fccherei Kastl, der Versand per E-Mail ist nicht geeignet, um der Gemeindeb\u00fccherei Kastl rechtswirksam formgebundene Erkl\u00e4rungen, Schrifts\u00e4tze, Rechtsmittel usw. zukommen zu lassen. Das gilt auch f\u00fcr verschl\u00fcsselte oder mit digitaler Signatur versehene E-Mails. Bitte senden Sie uns daher derartige Post ausschlie\u00dflich schriftlich oder per Telefax zu.<\/p>\n<p><strong>Konzeption, Gestaltung und Realisierung<\/strong><\/p>\n<p>Strato<\/p>\n<p>Gemeindeb\u00fccherei Kastl<br \/>\n92280 Kastl<br \/>\nFon: +49 9625 \/ 9091188<br \/>\nE-Mail: <a href=\"mailto:info@gemeindebuechereikastl.de\">info@gemeindebuechereikastl.de<\/a><\/p>\n<p>&nbsp;<\/p>\n","protected":false},"excerpt":{"rendered":"<p>Impressum \/ Kontakt Gemeindeb\u00fccherei Kastl Klosterbergstr. 1 892280 Kastl Tel.: 09625 \/ 9091188 Email: info@gemeindebuechereikastl.de Herausgeber Gemeindeb\u00fccherei Kastl vertreten durch B\u00fcchereileiter Georg D\u00fcrr Peter Spies Str. 10 92280 Kastl Telefon: +49(0)9625 \/ 431 Rechtlicher Hinweis Urheberrecht &#8211; Copyright \u00a9 Gemeindeb\u00fccherei Kastl &#8211; alle Rechte vorbehalten. Falls nicht anders angegeben, unterliegen alle Seiten auf diesem Informationsserver &hellip; <\/p>\n<p><a class=\"more-link btn\" href=\"https:\/\/gemeindebuechereikastl.de\/?page_id=81\">Weiterlesen<\/a><\/p>\n","protected":false},"author":1,"featured_media":0,"parent":0,"menu_order":0,"comment_status":"closed","ping_status":"closed","template":"","meta":{"footnotes":""},"class_list":["post-81","page","type-page","status-publish","hentry","nodate","item-wrap"],"_links":{"self":[{"href":"https:\/\/gemeindebuechereikastl.de\/index.php?rest_route=\/wp\/v2\/pages\/81","targetHints":{"allow":["GET"]}}],"collection":[{"href":"https:\/\/gemeindebuechereikastl.de\/index.php?rest_route=\/wp\/v2\/pages"}],"about":[{"href":"https:\/\/gemeindebuechereikastl.de\/index.php?rest_route=\/wp\/v2\/types\/page"}],"author":[{"embeddable":true,"href":"https:\/\/gemeindebuechereikastl.de\/index.php?rest_route=\/wp\/v2\/users\/1"}],"replies":[{"embeddable":true,"href":"https:\/\/gemeindebuechereikastl.de\/index.php?rest_route=%2Fwp%2Fv2%2Fcomments&post=81"}],"version-history":[{"count":12,"href":"https:\/\/gemeindebuechereikastl.de\/index.php?rest_route=\/wp\/v2\/pages\/81\/revisions"}],"predecessor-version":[{"id":1201,"href":"https:\/\/gemeindebuechereikastl.de\/index.php?rest_route=\/wp\/v2\/pages\/81\/revisions\/1201"}],"wp:attachment":[{"href":"https:\/\/gemeindebuechereikastl.de\/index.php?rest_route=%2Fwp%2Fv2%2Fmedia&parent=81"}],"curies":[{"name":"wp","href":"https:\/\/api.w.org\/{rel}","templated":true}]}}