{"id":871,"date":"2019-03-27T16:25:25","date_gmt":"2019-03-27T16:25:25","guid":{"rendered":"http:\/\/gemeindebuechereikastl.de\/?page_id=871"},"modified":"2024-06-02T15:12:07","modified_gmt":"2024-06-02T15:12:07","slug":"lesen-und-gutes-tun","status":"publish","type":"page","link":"https:\/\/gemeindebuechereikastl.de\/?page_id=871","title":{"rendered":"Buchshop"},"content":{"rendered":"<p><img loading=\"lazy\" decoding=\"async\" class=\" wp-image-2910 alignleft\" src=\"https:\/\/gemeindebuechereikastl.de\/wp-content\/uploads\/2022\/05\/vermittlungsprogramm-werbemittel-4-242x300.webp\" alt=\"\" width=\"217\" height=\"269\" srcset=\"https:\/\/gemeindebuechereikastl.de\/wp-content\/uploads\/2022\/05\/vermittlungsprogramm-werbemittel-4-242x300.webp 242w, https:\/\/gemeindebuechereikastl.de\/wp-content\/uploads\/2022\/05\/vermittlungsprogramm-werbemittel-4.webp 404w\" sizes=\"auto, (max-width: 217px) 100vw, 217px\" \/><\/p>\n<h1 style=\"text-align: center;\"><span style=\"color: #ff6600;\">Jetzt Ihre Lieblingsb\u00fccher beim Sankt Michaelsbund <\/span><span style=\"color: #ff6600;\"><span style=\"color: #3366ff;\"><strong>\u00a0<span style=\"color: #ff6600;\">bestellen!\u00a0<\/span><\/strong><\/span><\/span><\/h1>\n<p>&nbsp;<\/p>\n<h2 style=\"text-align: center;\"><span style=\"color: #0000ff;\">Mit jedem Kauf, unterst\u00fctzen Sie Ihre Gemeindeb\u00fccherei Kastl<\/span><\/h2>\n<h2 style=\"text-align: center;\"><strong style=\"color: inherit; font-family: inherit; font-size: 24px;\">Ihre Vorteile:<\/strong><\/h2>\n<ul>\n<li>Sie k\u00f6nnen in allen lieferbaren B\u00fcchern st\u00f6bern und Ihre pers\u00f6nlichen Favoriten entdecken<\/li>\n<li>Mehrere Tausend Medien\u2013Rezensionen zu aktuellen Toptiteln<\/li>\n<li>Alle Neuheiten, alle Bestseller auf einen Blick,\u00a0B\u00fccher, H\u00f6rb\u00fccher, DVDs usw.<\/li>\n<li>Bestellen Sie Versandkostenfrei \u00fcber die B\u00fccherei und holen Ihr bestellten B\u00fccher in der B\u00fccherei ab.<\/li>\n<li>Sicher und bequem mit dem Zahlungsmittel Ihrer Wahl bezahlen<\/li>\n<li>Mit der Verkaufsprovision schafft das Team wieder neue B\u00fccher und Medien an<\/li>\n<\/ul>\n<h3 style=\"text-align: center;\"><strong>So einfach funktioniert es:<\/strong><\/h3>\n<div class=\"embed-container\"><iframe loading=\"lazy\" title=\"Vermittlungsprogramm LESEN UND GUTES TUN\" width=\"750\" height=\"422\" src=\"https:\/\/www.youtube.com\/embed\/2VMZM7CXJAg?feature=oembed\" frameborder=\"0\" allow=\"accelerometer; autoplay; clipboard-write; encrypted-media; gyroscope; picture-in-picture; web-share\" referrerpolicy=\"strict-origin-when-cross-origin\" allowfullscreen><\/iframe><\/div>\n<p>Bestellen Sie einfach Ihre B\u00fccher unter<strong><a href=\"https:\/\/www.michaelsbund.de\/\"> www.michaelsbund.de<\/a><\/strong> und <strong>w\u00e4hlen Sie im letzten Bestellschritt die Gemeindeb\u00fccherei Kastl als Vermittlungspartner aus.<\/strong><\/p>\n<p>Mit jedem Kauf, bei dem Sie Ihre B\u00fccherei als Vermittlungspartner ausw\u00e4hlen,\u00a0<strong>erh\u00e4lt diese eine Unterst\u00fctzung vom Sankt Michaelsbund.<\/strong><\/p>\n<h4 style=\"text-align: center;\"><span style=\"color: #3366ff;\"><strong>Das Vermittlungsprogramm \u201eLesen und Gutes tun\u201c stellt keine Konkurrenz zum station\u00e4ren Buchhandel dar. Sondern es richtet sich vor allem an all diejenigen, die keine Buchhandlung vor Ort haben und eine Alternative zu anderen Online-H\u00e4ndlern suchen und gleichzeitig ihre B\u00fccherei unterst\u00fctzen m\u00f6chten.<\/strong><\/span><\/h4>\n","protected":false},"excerpt":{"rendered":"<p>Jetzt Ihre Lieblingsb\u00fccher beim Sankt Michaelsbund \u00a0bestellen!\u00a0 &nbsp; Mit jedem Kauf, unterst\u00fctzen Sie Ihre Gemeindeb\u00fccherei Kastl Ihre Vorteile: Sie k\u00f6nnen in allen lieferbaren B\u00fcchern st\u00f6bern und Ihre pers\u00f6nlichen Favoriten entdecken Mehrere Tausend Medien\u2013Rezensionen zu aktuellen Toptiteln Alle Neuheiten, alle Bestseller auf einen Blick,\u00a0B\u00fccher, H\u00f6rb\u00fccher, DVDs usw. Bestellen Sie Versandkostenfrei \u00fcber die B\u00fccherei und holen Ihr &hellip; <\/p>\n<p><a class=\"more-link btn\" href=\"https:\/\/gemeindebuechereikastl.de\/?page_id=871\">Weiterlesen<\/a><\/p>\n","protected":false},"author":1,"featured_media":0,"parent":0,"menu_order":0,"comment_status":"closed","ping_status":"closed","template":"","meta":{"footnotes":""},"class_list":["post-871","page","type-page","status-publish","hentry","nodate","item-wrap"],"_links":{"self":[{"href":"https:\/\/gemeindebuechereikastl.de\/index.php?rest_route=\/wp\/v2\/pages\/871","targetHints":{"allow":["GET"]}}],"collection":[{"href":"https:\/\/gemeindebuechereikastl.de\/index.php?rest_route=\/wp\/v2\/pages"}],"about":[{"href":"https:\/\/gemeindebuechereikastl.de\/index.php?rest_route=\/wp\/v2\/types\/page"}],"author":[{"embeddable":true,"href":"https:\/\/gemeindebuechereikastl.de\/index.php?rest_route=\/wp\/v2\/users\/1"}],"replies":[{"embeddable":true,"href":"https:\/\/gemeindebuechereikastl.de\/index.php?rest_route=%2Fwp%2Fv2%2Fcomments&post=871"}],"version-history":[{"count":17,"href":"https:\/\/gemeindebuechereikastl.de\/index.php?rest_route=\/wp\/v2\/pages\/871\/revisions"}],"predecessor-version":[{"id":4826,"href":"https:\/\/gemeindebuechereikastl.de\/index.php?rest_route=\/wp\/v2\/pages\/871\/revisions\/4826"}],"wp:attachment":[{"href":"https:\/\/gemeindebuechereikastl.de\/index.php?rest_route=%2Fwp%2Fv2%2Fmedia&parent=871"}],"curies":[{"name":"wp","href":"https:\/\/api.w.org\/{rel}","templated":true}]}}